2017-05-16 00:02:35.071 2931 INFO nova.compute.claims [req-d38f479d-9bb9-4276-9688-52607e8fd350 113d3a99c3da401fbd62cc2caa5b96d2 54fadb412c4e40cdbaed9335e4c35a9e - - -] [instance: 95960536-049b-41f6-9049-05fc479b6a7c] Attempting claim: memory 2048 MB, disk 20 GB, vcpus 1 CPU nova-compute.log.1.2017-05-16_13:55:31
2017-05-16 00:02:35.072 2931 INFO nova.compute.claims [req-d38f479d-9bb9-4276-9688-52607e8fd350 113d3a99c3da401fbd62cc2caa5b96d2 54fadb412c4e40cdbaed9335e4c35a9e - - -] [instance: 95960536-049b-41f6-9049-05fc479b6a7c] Total memory: 64172 MB, used: 512.00 MB nova-compute.log.1.2017-05-16_13:55:31
2017-05-16 00:02:35.073 2931 INFO nova.compute.claims [req-d38f479d-9bb9-4276-9688-52607e8fd350 113d3a99c3da401fbd62cc2caa5b96d2 54fadb412c4e40cdbaed9335e4c35a9e - - -] [instance: 95960536-049b-41f6-9049-05fc479b6a7c] memory limit: 96258.00 MB, free: 95746.00 MB nova-compute.log.1.2017-05-16_13:55:31
2017-05-16 00:02:35.074 2931 INFO nova.compute.claims [req-d38f479d-9bb9-4276-9688-52607e8fd350 113d3a99c3da401fbd62cc2caa5b96d2 54fadb412c4e40cdbaed9335e4c35a9e - - -] [instance: 95960536-049b-41f6-9049-05fc479b6a7c] Total disk: 15 GB, used: 0.00 GB nova-compute.log.1.2017-05-16_13:55:31
2017-05-16 00:02:35.075 2931 INFO nova.compute.claims [req-d38f479d-9bb9-4276-9688-52607e8fd350 113d3a99c3da401fbd62cc2caa5b96d2 54fadb412c4e40cdbaed9335e4c35a9e - - -] [instance: 95960536-049b-41f6-9049-05fc479b6a7c] disk limit not specified, defaulting to unlimited nova-compute.log.1.2017-05-16_13:55:31
2017-05-16 00:02:35.076 2931 INFO nova.compute.claims [req-d38f479d-9bb9-4276-9688-52607e8fd350 113d3a99c3da401fbd62cc2caa5b96d2 54fadb412c4e40cdbaed9335e4c35a9e - - -] [instance: 95960536-049b-41f6-9049-05fc479b6a7c] Total vcpu: 16 VCPU, used: 0.00 VCPU nova-compute.log.1.2017-05-16_13:55:31
2017-05-16 00:02:35.076 2931 INFO nova.compute.claims [req-d38f479d-9bb9-4276-9688-52607e8fd350 113d3a99c3da401fbd62cc2caa5b96d2 54fadb412c4e40cdbaed9335e4c35a9e - - -] [instance: 95960536-049b-41f6-9049-05fc479b6a7c] vcpu limit not specified, defaulting to unlimited nova-compute.log.1.2017-05-16_13:55:31
2017-05-16 00:02:35.109 2931 INFO nova.compute.claims [req-d38f479d-9bb9-4276-9688-52607e8fd350 113d3a99c3da401fbd62cc2caa5b96d2 54fadb412c4e40cdbaed9335e4c35a9e - - -] [instance: 95960536-049b-41f6-9049-05fc479b6a7c] Claim successful nova-api.log.1.2017-05-16_13:53:08
2017-05-16 00:02:35.170 25746 INFO nova.osapi_compute.wsgi.server [req-bb86cdcb-2b6e-410f-b422-7209c14f060d 113d3a99c3da401fbd62cc2caa5b96d2 54fadb412c4e40cdbaed9335e4c35a9e - - -] 10.11.10.1 "GET /v2/54fadb412c4e40cdbaed9335e4c35a9e/servers/detail HTTP/1.1" status: 200 len: 1575 time: 0.1929309 nova-api.log.1.2017-05-16_13:53:08
2017-05-16 00:02:35.348 25746 INFO nova.osapi_compute.wsgi.server [req-07bc4660-d894-4b67-8bb7-0b1ebe315af2 113d3a99c3da401fbd62cc2caa5b96d2 54fadb412c4e40cdbaed9335e4c35a9e - - -] 10.11.10.1 "GET /v2/54fadb412c4e40cdbaed9335e4c35a9e/servers/95960536-049b-41f6-9049-05fc479b6a7c HTTP/1.1" status: 200 len: 1708 time: 0.1721809 nova-compute.log.1.2017-05-16_13:55:31
2017-05-16 00:02:35.942 2931 INFO nova.virt.libvirt.driver [req-d38f479d-9bb9-4276-9688-52607e8fd350 113d3a99c3da401fbd62cc2caa5b96d2 54fadb412c4e40cdbaed9335e4c35a9e - - -] [instance: 95960536-049b-41f6-9049-05fc479b6a7c] Creating image nova-api.log.1.2017-05-16_13:53:08
2017-05-16 00:02:36.629 25746 INFO nova.osapi_compute.wsgi.server [req-89a2dec8-a82e-4108-ab4a-eda9c9bc896d 113d3a99c3da401fbd62cc2caa5b96d2 54fadb412c4e40cdbaed9335e4c35a9e - - -] 10.11.10.1 "GET /v2/54fadb412c4e40cdbaed9335e4c35a9e/servers/detail HTTP/1.1" status: 200 len: 1759 time: 0.2763519 nova-api.log.1.2017-05-16_13:53:08
2017-05-16 00:02:36.925 25746 INFO nova.osapi_compute.wsgi.server [req-723faf03-db43-4131-a339-c792974c7721 113d3a99c3da401fbd62cc2caa5b96d2 54fadb412c4e40cdbaed9335e4c35a9e - - -] 10.11.10.1 "GET /v2/54fadb412c4e40cdbaed9335e4c35a9e/servers/detail HTTP/1.1" status: 200 len: 1759 time: 0.2896700 nova-compute.log.1.2017-05-16_13:55:31
2017-05-16 00:02:37.163 2931 INFO nova.compute.manager [-] [instance: 78dc1847-8848-49cc-933e-9239b12c9dcf] VM Stopped (Lifecycle Event) nova-api.log.1.2017-05-16_13:53:08
2017-05-16 00:02:38.214 25746 INFO nova.osapi_compute.wsgi.server [req-008605fa-fa0a-483e-b596-a17329409763 113d3a99c3da401fbd62cc2caa5b96d2 54fadb412c4e40cdbaed9335e4c35a9e - - -] 10.11.10.1 "GET /v2/54fadb412c4e40cdbaed9335e4c35a9e/servers/detail HTTP/1.1" status: 200 len: 1893 time: 0.2833471 nova-api.log.1.2017-05-16_13:53:08
2017-05-16 00:02:38.477 25746 INFO nova.osapi_compute.wsgi.server [req-c58e5c9b-8211-4631-a4dc-8be93e96a0d2 113d3a99c3da401fbd62cc2caa5b96d2 54fadb412c4e40cdbaed9335e4c35a9e - - -] 10.11.10.1 "GET /v2/54fadb412c4e40cdbaed9335e4c35a9e/servers/detail HTTP/1.1" status: 200 len: 1893 time: 0.2586210 nova-api.log.1.2017-05-16_13:53:08
2017-05-16 00:02:39.736 25746 INFO nova.osapi_compute.wsgi.server [req-44d3573a-0d2c-4610-85f3-f228ac82a1d1 113d3a99c3da401fbd62cc2caa5b96d2 54fadb412c4e40cdbaed9335e4c35a9e - - -] 10.11.10.1 "GET /v2/54fadb412c4e40cdbaed9335e4c35a9e/servers/detail HTTP/1.1" status: 200 len: 1893 time: 0.2529991 nova-api.log.1.2017-05-16_13:53:08
2017-05-16 00:02:40.006 25746 INFO nova.osapi_compute.wsgi.server [req-40d207ea-99bc-47cd-b37b-d2bb7e7e030c 113d3a99c3da401fbd62cc2caa5b96d2 54fadb412c4e40cdbaed9335e4c35a9e - - -] 10.11.10.1 "GET /v2/54fadb412c4e40cdbaed9335e4c35a9e/servers/detail HTTP/1.1" status: 200 len: 1893 time: 0.2665081 nova-api.log.1.2017-05-16_13:53:08
2017-05-16 00:02:41.268 25746 INFO nova.osapi_compute.wsgi.server [req-1756bc65-fb0b-450c-9e51-57bf965737b7 113d3a99c3da401fbd62cc2caa5b96d2 54fadb412c4e40cdbaed9335e4c35a9e - - -] 10.11.10.1 "GET /v2/54fadb412c4e40cdbaed9335e4c35a9e/servers/detail HTTP/1.1" status: 200 len: 1893 time: 0.2555981 nova-api.log.1.2017-05-16_13:53:08
2017-05-16 00:02:41.518 25746 INFO nova.osapi_compute.wsgi.server [req-713cc4cb-1c01-47b1-b2d5-e5c54f7e9d21 113d3a99c3da401fbd62cc2caa5b96d2 54fadb412c4e40cdbaed9335e4c35a9e - - -] 10.11.10.1 "GET /v2/54fadb412c4e40cdbaed9335e4c35a9e/servers/detail HTTP/1.1" status: 200 len: 1893 time: 0.2455752 nova-api.log.1.2017-05-16_13:53:08
2017-05-16 00:02:42.794 25746 INFO nova.osapi_compute.wsgi.server [req-35722e9e-e5fb-47d9-8e20-d5237bd7440c 113d3a99c3da401fbd62cc2caa5b96d2 54fadb412c4e40cdbaed9335e4c35a9e - - -] 10.11.10.1 "GET /v2/54fadb412c4e40cdbaed9335e4c35a9e/servers/detail HTTP/1.1" status: 200 len: 1893 time: 0.2711270 nova-api.log.1.2017-05-16_13:53:08
2017-05-16 00:02:43.184 25746 INFO nova.osapi_compute.wsgi.server [req-39477c65-5728-4dd9-8e3e-d8c89db36e91 113d3a99c3da401fbd62cc2caa5b96d2 54fadb412c4e40cdbaed9335e4c35a9e - - -] 10.11.10.1 "GET /v2/54fadb412c4e40cdbaed9335e4c35a9e/servers/detail HTTP/1.1" status: 200 len: 1893 time: 0.3852520 nova-api.log.1.2017-05-16_13:53:08
2017-05-16 00:02:44.461 25746 INFO nova.osapi_compute.wsgi.server [req-6dd4cb0c-c909-4935-af86-a978ccb6a461 113d3a99c3da401fbd62cc2caa5b96d2 54fadb412c4e40cdbaed9335e4c35a9e - - -] 10.11.10.1 "GET /v2/54fadb412c4e40cdbaed9335e4c35a9e/servers/detail HTTP/1.1" status: 200 len: 1893 time: 0.2695961 nova-api.log.1.2017-05-16_13:53:08
2017-05-16 00:02:44.710 25746 INFO nova.osapi_compute.wsgi.server [req-7bf56606-1c53-49cb-9d8d-e6afa1920cc1 113d3a99c3da401fbd62cc2caa5b96d2 54fadb412c4e40cdbaed9335e4c35a9e - - -] 10.11.10.1 "GET /v2/54fadb412c4e40cdbaed9335e4c35a9e/servers/detail HTTP/1.1" status: 200 len: 1893 time: 0.2449391 nova-api.log.1.2017-05-16_13:53:08
2017-05-16 00:02:45.986 25746 INFO nova.osapi_compute.wsgi.server [req-77b6a0fd-dcab-47dd-8465-13cbe5434d40 113d3a99c3da401fbd62cc2caa5b96d2 54fadb412c4e40cdbaed9335e4c35a9e - - -] 10.11.10.1 "GET /v2/54fadb412c4e40cdbaed9335e4c35a9e/servers/detail HTTP/1.1" status: 200 len: 1893 time: 0.2681870 nova-api.log.1.2017-05-16_13:53:08
2017-05-16 00:02:46.262 25746 INFO nova.osapi_compute.wsgi.server [req-9d8cd0a4-1fa9-4eb1-ad29-42d2756029e0 113d3a99c3da401fbd62cc2caa5b96d2 54fadb412c4e40cdbaed9335e4c35a9e - - -] 10.11.10.1 "GET /v2/54fadb412c4e40cdbaed9335e4c35a9e/servers/detail HTTP/1.1" status: 200 len: 1893 time: 0.2719712 nova-api.log.1.2017-05-16_13:53:08
2017-05-16 00:02:47.528 25746 INFO nova.osapi_compute.wsgi.server [req-100e1170-b42e-4840-8c18-618eec0dbb92 113d3a99c3da401fbd62cc2caa5b96d2 54fadb412c4e40cdbaed9335e4c35a9e - - -] 10.11.10.1 "GET /v2/54fadb412c4e40cdbaed9335e4c35a9e/servers/detail HTTP/1.1" status: 200 len: 1893 time: 0.2595811 nova-api.log.1.2017-05-16_13:53:08
2017-05-16 00:02:47.792 25746 INFO nova.osapi_compute.wsgi.server [req-80d1efbd-1f02-4091-9827-adafc6003e3f 113d3a99c3da401fbd62cc2caa5b96d2 54fadb412c4e40cdbaed9335e4c35a9e - - -] 10.11.10.1 "GET /v2/54fadb412c4e40cdbaed9335e4c35a9e/servers/detail HTTP/1.1" status: 200 len: 1893 time: 0.2598870 nova-compute.log.1.2017-05-16_13:55:31
2017-05-16 00:02:48.985 2931 INFO nova.compute.manager [req-3ea4052c-895d-4b64-9e2d-04d64c4d94ab - - - - -] [instance: 95960536-049b-41f6-9049-05fc479b6a7c] VM Started (Lifecycle Event) nova-api.log.1.2017-05-16_13:53:08
2017-05-16 00:02:49.074 25746 INFO nova.osapi_compute.wsgi.server [req-ff142455-b2d5-4551-ad81-56244e8b4246 113d3a99c3da401fbd62cc2caa5b96d2 54fadb412c4e40cdbaed9335e4c35a9e - - -] 10.11.10.1 "GET /v2/54fadb412c4e40cdbaed9335e4c35a9e/servers/detail HTTP/1.1" status: 200 len: 1893 time: 0.2751970 nova-compute.log.1.2017-05-16_13:55:31
2017-05-16 00:02:49.156 2931 INFO nova.compute.manager [req-3ea4052c-895d-4b64-9e2d-04d64c4d94ab - - - - -] [instance: 95960536-049b-41f6-9049-05fc479b6a7c] VM Paused (Lifecycle Event) nova-compute.log.1.2017-05-16_13:55:31
2017-05-16 00:02:49.290 2931 INFO nova.compute.manager [req-3ea4052c-895d-4b64-9e2d-04d64c4d94ab - - - - -] [instance: 95960536-049b-41f6-9049-05fc479b6a7c] During sync_power_state the instance has a pending task (spawning). Skip. nova-api.log.1.2017-05-16_13:53:08
2017-05-16 00:02:49.351 25746 INFO nova.osapi_compute.wsgi.server [req-bb582317-a5f0-432d-b7a1-604ce4024a61 113d3a99c3da401fbd62cc2caa5b96d2 54fadb412c4e40cdbaed9335e4c35a9e - - -] 10.11.10.1 "GET /v2/54fadb412c4e40cdbaed9335e4c35a9e/servers/detail HTTP/1.1" status: 200 len: 1893 time: 0.2720761 nova-compute.log.1.2017-05-16_13:55:31
2017-05-16 00:02:50.202 2931 INFO nova.virt.libvirt.imagecache [req-addc1839-2ed5-4778-b57e-5854eb7b8b09 - - - - -] image 0673dd71-34c5-4fbb-86c4-40623fbe45b4 at (/var/lib/nova/instances/_base/a489c868f0c37da93b76227c91bb03908ac0e742): checking nova-compute.log.1.2017-05-16_13:55:31
2017-05-16 00:02:50.203 2931 INFO nova.virt.libvirt.imagecache [req-addc1839-2ed5-4778-b57e-5854eb7b8b09 - - - - -] image 0673dd71-34c5-4fbb-86c4-40623fbe45b4 at (/var/lib/nova/instances/_base/a489c868f0c37da93b76227c91bb03908ac0e742): in use: on this node 1 local, 0 on other nodes sharing this instance storage nova-compute.log.1.2017-05-16_13:55:31
2017-05-16 00:02:50.381 2931 INFO nova.virt.libvirt.imagecache [req-addc1839-2ed5-4778-b57e-5854eb7b8b09 - - - - -] Active base files: /var/lib/nova/instances/_base/a489c868f0c37da93b76227c91bb03908ac0e742 nova-api.log.1.2017-05-16_13:53:08
2017-05-16 00:02:50.764 25746 INFO nova.osapi_compute.wsgi.server [req-6e4f4f57-ce56-4885-956a-dc1235c5afb2 113d3a99c3da401fbd62cc2caa5b96d2 54fadb412c4e40cdbaed9335e4c35a9e - - -] 10.11.10.1 "GET /v2/54fadb412c4e40cdbaed9335e4c35a9e/servers/detail HTTP/1.1" status: 200 len: 1893 time: 0.4072819 nova-api.log.1.2017-05-16_13:53:08
2017-05-16 00:02:51.020 25746 INFO nova.osapi_compute.wsgi.server [req-964322ee-29e9-4c5d-a07c-9d30a2f01ee2 113d3a99c3da401fbd62cc2caa5b96d2 54fadb412c4e40cdbaed9335e4c35a9e - - -] 10.11.10.1 "GET /v2/54fadb412c4e40cdbaed9335e4c35a9e/servers/detail HTTP/1.1" status: 200 len: 1893 time: 0.2523489 nova-api.log.1.2017-05-16_13:53:08
2017-05-16 00:02:52.299 25746 INFO nova.osapi_compute.wsgi.server [req-6264d86e-7a74-4647-a528-8e476a256e94 113d3a99c3da401fbd62cc2caa5b96d2 54fadb412c4e40cdbaed9335e4c35a9e - - -] 10.11.10.1 "GET /v2/54fadb412c4e40cdbaed9335e4c35a9e/servers/detail HTTP/1.1" status: 200 len: 1893 time: 0.2726710 nova-api.log.1.2017-05-16_13:53:08
2017-05-16 00:02:52.572 25746 INFO nova.osapi_compute.wsgi.server [req-08190bc9-9cd6-4d14-a825-06421a17de6c 113d3a99c3da401fbd62cc2caa5b96d2 54fadb412c4e40cdbaed9335e4c35a9e - - -] 10.11.10.1 "GET /v2/54fadb412c4e40cdbaed9335e4c35a9e/servers/detail HTTP/1.1" status: 200 len: 1893 time: 0.2684422 nova-api.log.1.2017-05-16_13:53:08
2017-05-16 00:02:53.856 25746 INFO nova.osapi_compute.wsgi.server [req-17ee8196-ec23-4adc-acc9-4c24686d8b68 113d3a99c3da401fbd62cc2caa5b96d2 54fadb412c4e40cdbaed9335e4c35a9e - - -] 10.11.10.1 "GET /v2/54fadb412c4e40cdbaed9335e4c35a9e/servers/detail HTTP/1.1" status: 200 len: 1893 time: 0.2791021 nova-api.log.1.2017-05-16_13:53:08
2017-05-16 00:02:54.125 25746 INFO nova.osapi_compute.wsgi.server [req-efe668bd-0162-4b21-b1c0-d962abc9f6ba 113d3a99c3da401fbd62cc2caa5b96d2 54fadb412c4e40cdbaed9335e4c35a9e - - -] 10.11.10.1 "GET /v2/54fadb412c4e40cdbaed9335e4c35a9e/servers/detail HTTP/1.1" status: 200 len: 1893 time: 0.2633080 nova-api.log.1.2017-05-16_13:53:08
2017-05-16 00:02:55.399 25746 INFO nova.osapi_compute.wsgi.server [req-1ea0f0f5-7810-4564-b77e-b6729aec28e8 113d3a99c3da401fbd62cc2caa5b96d2 54fadb412c4e40cdbaed9335e4c35a9e - - -] 10.11.10.1 "GET /v2/54fadb412c4e40cdbaed9335e4c35a9e/servers/detail HTTP/1.1" status: 200 len: 1893 time: 0.2678630 nova-compute.log.1.2017-05-16_13:55:31
2017-05-16 00:02:55.541 2931 INFO nova.virt.libvirt.imagecache [req-addc1839-2ed5-4778-b57e-5854eb7b8b09 - - - - -] image 0673dd71-34c5-4fbb-86c4-40623fbe45b4 at (/var/lib/nova/instances/_base/a489c868f0c37da93b76227c91bb03908ac0e742): checking nova-compute.log.1.2017-05-16_13:55:31
2017-05-16 00:02:55.542 2931 INFO nova.virt.libvirt.imagecache [req-addc1839-2ed5-4778-b57e-5854eb7b8b09 - - - - -] image 0673dd71-34c5-4fbb-86c4-40623fbe45b4 at (/var/lib/nova/instances/_base/a489c868f0c37da93b76227c91bb03908ac0e742): in use: on this node 1 local, 0 on other nodes sharing this instance storage nova-api.log.1.2017-05-16_13:53:08
2017-05-16 00:02:55.621 25743 INFO nova.api.openstack.compute.server_external_events [req-e265ea4c-ba4b-44f0-b086-7420e34e17cb f7b8d1f1d4d44643b07fa10ca7d021fb e9746973ac574c6b8a9e8857f56a7608 - - -] Creating event network-vif-plugged:1cf11429-1563-4f6c-823c-91ba6e0f6675 for instance 95960536-049b-41f6-9049-05fc479b6a7c nova-api.log.1.2017-05-16_13:53:08
2017-05-16 00:02:55.626 25743 INFO nova.osapi_compute.wsgi.server [req-e265ea4c-ba4b-44f0-b086-7420e34e17cb f7b8d1f1d4d44643b07fa10ca7d021fb e9746973ac574c6b8a9e8857f56a7608 - - -] 10.11.10.1 "POST /v2/e9746973ac574c6b8a9e8857f56a7608/os-server-external-events HTTP/1.1" status: 200 len: 380 time: 0.0867331 nova-compute.log.1.2017-05-16_13:55:31
2017-05-16 00:02:55.637 2931 INFO nova.compute.manager [req-3ea4052c-895d-4b64-9e2d-04d64c4d94ab - - - - -] [instance: 95960536-049b-41f6-9049-05fc479b6a7c] VM Resumed (Lifecycle Event) nova-compute.log.1.2017-05-16_13:55:31
2017-05-16 00:02:55.646 2931 INFO nova.virt.libvirt.driver [-] [instance: 95960536-049b-41f6-9049-05fc479b6a7c] Instance spawned successfully. nova-compute.log.1.2017-05-16_13:55:31
2017-05-16 00:02:55.647 2931 INFO nova.compute.manager [req-d38f479d-9bb9-4276-9688-52607e8fd350 113d3a99c3da401fbd62cc2caa5b96d2 54fadb412c4e40cdbaed9335e4c35a9e - - -] [instance: 95960536-049b-41f6-9049-05fc479b6a7c] Took 19.71 seconds to spawn the instance on the hypervisor. nova-api.log.1.2017-05-16_13:53:08
2017-05-16 00:02:55.673 25746 INFO nova.osapi_compute.wsgi.server [req-4115658f-3cd0-4dc0-9025-dbf0e4581302 113d3a99c3da401fbd62cc2caa5b96d2 54fadb412c4e40cdbaed9335e4c35a9e - - -] 10.11.10.1 "GET /v2/54fadb412c4e40cdbaed9335e4c35a9e/servers/detail HTTP/1.1" status: 200 len: 1893 time: 0.2711699 nova-compute.log.1.2017-05-16_13:55:31
2017-05-16 00:02:55.733 2931 INFO nova.virt.libvirt.imagecache [req-addc1839-2ed5-4778-b57e-5854eb7b8b09 - - - - -] Active base files: /var/lib/nova/instances/_base/a489c868f0c37da93b76227c91bb03908ac0e742 nova-compute.log.1.2017-05-16_13:55:31
2017-05-16 00:02:55.757 2931 INFO nova.compute.manager [req-3ea4052c-895d-4b64-9e2d-04d64c4d94ab - - - - -] [instance: 95960536-049b-41f6-9049-05fc479b6a7c] During sync_power_state the instance has a pending task (spawning). Skip. nova-compute.log.1.2017-05-16_13:55:31
2017-05-16 00:02:55.757 2931 INFO nova.compute.manager [req-3ea4052c-895d-4b64-9e2d-04d64c4d94ab - - - - -] [instance: 95960536-049b-41f6-9049-05fc479b6a7c] VM Resumed (Lifecycle Event) nova-compute.log.1.2017-05-16_13:55:31
2017-05-16 00:02:55.778 2931 INFO nova.compute.manager [req-d38f479d-9bb9-4276-9688-52607e8fd350 113d3a99c3da401fbd62cc2caa5b96d2 54fadb412c4e40cdbaed9335e4c35a9e - - -] [instance: 95960536-049b-41f6-9049-05fc479b6a7c] Took 20.72 seconds to build instance. nova-api.log.1.2017-05-16_13:53:08
2017-05-16 00:02:56.955 25746 INFO nova.osapi_compute.wsgi.server [req-62ff267f-85a7-45e5-be31-1b23edc89a22 113d3a99c3da401fbd62cc2caa5b96d2 54fadb412c4e40cdbaed9335e4c35a9e - - -] 10.11.10.1 "GET /v2/54fadb412c4e40cdbaed9335e4c35a9e/servers/detail HTTP/1.1" status: 200 len: 1910 time: 0.2752779 nova-api.log.1.2017-05-16_13:53:08
2017-05-16 00:02:57.225 25746 INFO nova.osapi_compute.wsgi.server [req-e0e52eae-603e-45e1-9b5e-06c76033bfd5 113d3a99c3da401fbd62cc2caa5b96d2 54fadb412c4e40cdbaed9335e4c35a9e - - -] 10.11.10.1 "GET /v2/54fadb412c4e40cdbaed9335e4c35a9e/servers/detail HTTP/1.1" status: 200 len: 1910 time: 0.2668512 nova-scheduler.log.1.2017-05-16_13:53:08
2017-05-16 00:02:58.484 25998 INFO nova.scheduler.host_manager [req-53427a68-ae6f-4b07-aace-853b0890e9b3 - - - - -] Successfully synced instances from host 'cp-1.slowvm1.tcloud-pg0.utah.cloudlab.us'. nova-compute.log.1.2017-05-16_13:55:31
2017-05-16 00:03:00.138 2931 INFO nova.virt.libvirt.imagecache [req-addc1839-2ed5-4778-b57e-5854eb7b8b09 - - - - -] image 0673dd71-34c5-4fbb-86c4-40623fbe45b4 at (/var/lib/nova/instances/_base/a489c868f0c37da93b76227c91bb03908ac0e742): checking nova-compute.log.1.2017-05-16_13:55:31
2017-05-16 00:03:00.139 2931 INFO nova.virt.libvirt.imagecache [req-addc1839-2ed5-4778-b57e-5854eb7b8b09 - - - - -] image 0673dd71-34c5-4fbb-86c4-40623fbe45b4 at (/var/lib/nova/instances/_base/a489c868f0c37da93b76227c91bb03908ac0e742): in use: on this node 1 local, 0 on other nodes sharing this instance storage nova-compute.log.1.2017-05-16_13:55:31
2017-05-16 00:03:00.303 2931 INFO nova.virt.libvirt.imagecache [req-addc1839-2ed5-4778-b57e-5854eb7b8b09 - - - - -] Active base files: /var/lib/nova/instances/_base/a489c868f0c37da93b76227c91bb03908ac0e742 nova-api.log.1.2017-05-16_13:53:08
2017-05-16 00:03:01.916 25778 INFO nova.metadata.wsgi.server [req-cb87c9f0-3bb5-4102-b97e-6066266f5cf9 - - - - -] 10.11.21.126,10.11.10.1 "GET /openstack/2012-08-10/meta_data.json HTTP/1.1" status: 200 len: 264 time: 0.2225840 nova-api.log.1.2017-05-16_13:53:08
2017-05-16 00:03:01.929 25778 INFO nova.metadata.wsgi.server [-] 10.11.21.126,10.11.10.1 "GET /openstack/2013-10-17 HTTP/1.1" status: 200 len: 157 time: 0.0006402 nova-api.log.1.2017-05-16_13:53:08
2017-05-16 00:03:02.250 25799 INFO nova.metadata.wsgi.server [req-2886b8ba-64e7-4ee7-862d-0e6af9fb9fe9 - - - - -] 10.11.21.126,10.11.10.1 "GET /openstack/2013-10-17/vendor_data.json HTTP/1.1" status: 200 len: 124 time: 0.2317870 nova-api.log.1.2017-05-16_13:53:08
2017-05-16 00:03:02.262 25778 INFO nova.metadata.wsgi.server [-] 10.11.21.126,10.11.10.1 "GET /openstack/2013-10-17/vendor_data.json HTTP/1.1" status: 200 len: 124 time: 0.0009999 nova-api.log.1.2017-05-16_13:53:08
2017-05-16 00:03:02.276 25778 INFO nova.metadata.wsgi.server [-] 10.11.21.126,10.11.10.1 "GET /openstack/2013-10-17/user_data HTTP/1.1" status: 404 len: 176 time: 0.0010130 nova-api.log.1.2017-05-16_13:53:08
2017-05-16 00:03:02.503 25775 INFO nova.metadata.wsgi.server [req-386447cd-167b-4202-aeaa-fd90d85b53b8 - - - - -] 10.11.21.126,10.11.10.1 "GET /openstack/2013-10-17/meta_data.json HTTP/1.1" status: 200 len: 967 time: 0.2158179 nova-api.log.1.2017-05-16_13:53:08
2017-05-16 00:03:02.587 25775 INFO nova.metadata.wsgi.server [-] 10.11.21.126,10.11.10.1 "GET /openstack/2013-10-17/meta_data.json HTTP/1.1" status: 200 len: 967 time: 0.0012150 nova-api.log.1.2017-05-16_13:53:08
2017-05-16 00:03:02.678 25778 INFO nova.metadata.wsgi.server [-] 10.11.21.126,10.11.10.1 "GET /latest/meta-data/ HTTP/1.1" status: 200 len: 328 time: 0.0008578 nova-api.log.1.2017-05-16_13:53:08
2017-05-16 00:03:03.094 25788 INFO nova.metadata.wsgi.server [req-d7729064-6e3e-4d44-b65f-5b329ba18a74 - - - - -] 10.11.21.126,10.11.10.1 "GET /latest/meta-data/block-device-mapping/ HTTP/1.1" status: 200 len: 124 time: 0.4023941 nova-api.log.1.2017-05-16_13:53:08
2017-05-16 00:03:03.110 25788 INFO nova.metadata.wsgi.server [-] 10.11.21.126,10.11.10.1 "GET /latest/meta-data/block-device-mapping/ami HTTP/1.1" status: 200 len: 119 time: 0.0029080 nova-api.log.1.2017-05-16_13:53:08
2017-05-16 00:03:03.343 25791 INFO nova.metadata.wsgi.server [req-27e91939-3ba4-4d14-80e1-47d8fbb230ff - - - - -] 10.11.21.126,10.11.10.1 "GET /latest/meta-data/block-device-mapping/root HTTP/1.1" status: 200 len: 124 time: 0.2206309 nova-api.log.1.2017-05-16_13:53:08
2017-05-16 00:03:03.497 25746 INFO nova.osapi_compute.wsgi.server [req-a6b9779d-b384-4e84-b3d0-bac079760244 113d3a99c3da401fbd62cc2caa5b96d2 54fadb412c4e40cdbaed9335e4c35a9e - - -] 10.11.10.1 "DELETE /v2/54fadb412c4e40cdbaed9335e4c35a9e/servers/95960536-049b-41f6-9049-05fc479b6a7c HTTP/1.1" status: 204 len: 203 time: 0.2639730 nova-compute.log.1.2017-05-16_13:55:31
2017-05-16 00:03:03.534 2931 INFO nova.compute.manager [req-a6b9779d-b384-4e84-b3d0-bac079760244 113d3a99c3da401fbd62cc2caa5b96d2 54fadb412c4e40cdbaed9335e4c35a9e - - -] [instance: 95960536-049b-41f6-9049-05fc479b6a7c] Terminating instance nova-api.log.1.2017-05-16_13:53:08
2017-05-16 00:03:03.582 25779 INFO nova.metadata.wsgi.server [req-68a0fcfe-55d9-4f80-8fef-d9915932d2ef - - - - -] 10.11.21.126,10.11.10.1 "GET /latest/meta-data/placement/ HTTP/1.1" status: 200 len: 134 time: 0.2258282 nova-compute.log.1.2017-05-16_13:55:31
2017-05-16 00:03:03.750 2931 INFO nova.virt.libvirt.driver [-] [instance: 95960536-049b-41f6-9049-05fc479b6a7c] Instance destroyed successfully. nova-api.log.1.2017-05-16_13:53:08
2017-05-16 00:03:03.767 25746 INFO nova.osapi_compute.wsgi.server [req-0f4ba393-7607-4e33-aac9-bca155244bd5 113d3a99c3da401fbd62cc2caa5b96d2 54fadb412c4e40cdbaed9335e4c35a9e - - -] 10.11.10.1 "GET /v2/54fadb412c4e40cdbaed9335e4c35a9e/servers/detail HTTP/1.1" status: 200 len: 1916 time: 0.2653639 nova-compute.log.1.2017-05-16_13:55:31
2017-05-16 00:03:04.425 2931 INFO nova.virt.libvirt.driver [req-a6b9779d-b384-4e84-b3d0-bac079760244 113d3a99c3da401fbd62cc2caa5b96d2 54fadb412c4e40cdbaed9335e4c35a9e - - -] [instance: 95960536-049b-41f6-9049-05fc479b6a7c] Deleting instance files /var/lib/nova/instances/95960536-049b-41f6-9049-05fc479b6a7c_del nova-compute.log.1.2017-05-16_13:55:31
2017-05-16 00:03:04.427 2931 INFO nova.virt.libvirt.driver [req-a6b9779d-b384-4e84-b3d0-bac079760244 113d3a99c3da401fbd62cc2caa5b96d2 54fadb412c4e40cdbaed9335e4c35a9e - - -] [instance: 95960536-049b-41f6-9049-05fc479b6a7c] Deletion of /var/lib/nova/instances/95960536-049b-41f6-9049-05fc479b6a7c_del complete nova-compute.log.1.2017-05-16_13:55:31
2017-05-16 00:03:04.543 2931 INFO nova.compute.manager [req-a6b9779d-b384-4e84-b3d0-bac079760244 113d3a99c3da401fbd62cc2caa5b96d2 54fadb412c4e40cdbaed9335e4c35a9e - - -] [instance: 95960536-049b-41f6-9049-05fc479b6a7c] Took 1.00 seconds to destroy the instance on the hypervisor. nova-api.log.1.2017-05-16_13:53:08
2017-05-16 00:03:04.968 25746 INFO nova.osapi_compute.wsgi.server [req-f00e1f15-d28f-491d-95ad-07d51491f3af 113d3a99c3da401fbd62cc2caa5b96d2 54fadb412c4e40cdbaed9335e4c35a9e - - -] 10.11.10.1 "GET /v2/54fadb412c4e40cdbaed9335e4c35a9e/servers/detail HTTP/1.1" status: 200 len: 1874 time: 0.1953011 nova-compute.log.1.2017-05-16_13:55:31
2017-05-16 00:03:05.004 2931 INFO nova.compute.manager [req-a6b9779d-b384-4e84-b3d0-bac079760244 113d3a99c3da401fbd62cc2caa5b96d2 54fadb412c4e40cdbaed9335e4c35a9e - - -] [instance: 95960536-049b-41f6-9049-05fc479b6a7c] Took 0.46 seconds to deallocate network for instance. nova-compute.log.1.2017-05-16_13:55:31
2017-05-16 00:03:05.181 2931 INFO nova.virt.libvirt.imagecache [req-addc1839-2ed5-4778-b57e-5854eb7b8b09 - - - - -] image 0673dd71-34c5-4fbb-86c4-40623fbe45b4 at (/var/lib/nova/instances/_base/a489c868f0c37da93b76227c91bb03908ac0e742): checking nova-compute.log.1.2017-05-16_13:55:31
2017-05-16 00:03:05.182 2931 INFO nova.virt.libvirt.imagecache [req-addc1839-2ed5-4778-b57e-5854eb7b8b09 - - - - -] image 0673dd71-34c5-4fbb-86c4-40623fbe45b4 at (/var/lib/nova/instances/_base/a489c868f0c37da93b76227c91bb03908ac0e742): in use: on this node 1 local, 0 on other nodes sharing this instance storage nova-compute.log.1.2017-05-16_13:55:31
2017-05-16 00:03:05.287 2931 INFO nova.virt.libvirt.imagecache [req-addc1839-2ed5-4778-b57e-5854eb7b8b09 - - - - -] Active base files: /var/lib/nova/instances/_base/a489c868f0c37da93b76227c91bb03908ac0e742 nova-api.log.1.2017-05-16_13:53:08
2017-05-16 00:03:06.075 25746 INFO nova.osapi_compute.wsgi.server [req-9bba2bda-1367-48fa-906a-e1632f23d1fc 113d3a99c3da401fbd62cc2caa5b96d2 54fadb412c4e40cdbaed9335e4c35a9e - - -] 10.11.10.1 "GET /v2/54fadb412c4e40cdbaed9335e4c35a9e/servers/detail HTTP/1.1" status: 200 len: 211 time: 0.1013889 nova-api.log.1.2017-05-16_13:53:08
2017-05-16 00:03:07.021 25746 INFO nova.api.openstack.wsgi [req-c4d0c20c-cfe8-4e66-b280-b083419d4967 f7b8d1f1d4d44643b07fa10ca7d021fb e9746973ac574c6b8a9e8857f56a7608 - - -] HTTP exception thrown: No instances found for any event nova-api.log.1.2017-05-16_13:53:08
2017-05-16 00:03:07.022 25746 INFO nova.osapi_compute.wsgi.server [req-c4d0c20c-cfe8-4e66-b280-b083419d4967 f7b8d1f1d4d44643b07fa10ca7d021fb e9746973ac574c6b8a9e8857f56a7608 - - -] 10.11.10.1 "POST /v2/e9746973ac574c6b8a9e8857f56a7608/os-server-external-events HTTP/1.1" status: 404 len: 296 time: 0.0833371 nova-compute.log.1.2017-05-16_13:55:31
2017-05-16 00:03:10.318 2931 WARNING nova.virt.libvirt.imagecache [req-addc1839-2ed5-4778-b57e-5854eb7b8b09 - - - - -] Unknown base file: /var/lib/nova/instances/_base/a489c868f0c37da93b76227c91bb03908ac0e742 nova-compute.log.1.2017-05-16_13:55:31
2017-05-16 00:03:10.319 2931 INFO nova.virt.libvirt.imagecache [req-addc1839-2ed5-4778-b57e-5854eb7b8b09 - - - - -] Removable base files: /var/lib/nova/instances/_base/a489c868f0c37da93b76227c91bb03908ac0e742 nova-compute.log.1.2017-05-16_13:55:31
2017-05-16 00:03:10.320 2931 INFO nova.virt.libvirt.imagecache [req-addc1839-2ed5-4778-b57e-5854eb7b8b09 - - - - -] Removing base or swap file: /var/lib/nova/instances/_base/a489c868f0c37da93b76227c91bb03908ac0e742 nova-compute.log.1.2017-05-16_13:55:31
2017-05-16 00:03:16.161 2931 INFO nova.compute.resource_tracker [req-addc1839-2ed5-4778-b57e-5854eb7b8b09 - - - - -] Auditing locally available compute resources for node cp-1.slowvm1.tcloud-pg0.utah.cloudlab.us nova-compute.log.1.2017-05-16_13:55:31
2017-05-16 00:03:16.610 2931 INFO nova.compute.resource_tracker [req-addc1839-2ed5-4778-b57e-5854eb7b8b09 - - - - -] Total usable vcpus: 16, total allocated vcpus: 0 nova-compute.log.1.2017-05-16_13:55:31
2017-05-16 00:03:16.611 2931 INFO nova.compute.resource_tracker [req-addc1839-2ed5-4778-b57e-5854eb7b8b09 - - - - -] Final resource view: name=cp-1.slowvm1.tcloud-pg0.utah.cloudlab.us phys_ram=64172MB used_ram=512MB phys_disk=15GB used_disk=0GB total_vcpus=16 used_vcpus=0 pci_stats=[] nova-compute.log.1.2017-05-16_13:55:31
2017-05-16 00:03:16.676 2931 INFO nova.compute.resource_tracker [req-addc1839-2ed5-4778-b57e-5854eb7b8b09 - - - - -] Compute_service record updated for cp-1.slowvm1.tcloud-pg0.utah.cloudlab.us:cp-1.slowvm1.tcloud-pg0.utah.cloudlab.us nova-api.log.1.2017-05-16_13:53:08
2017-05-16 00:03:16.800 25746 INFO nova.osapi_compute.wsgi.server [req-2d658d2c-7eff-414e-a68f-3f1c75c9e874 113d3a99c3da401fbd62cc2caa5b96d2 54fadb412c4e40cdbaed9335e4c35a9e - - -] 10.11.10.1 "POST /v2/54fadb412c4e40cdbaed9335e4c35a9e/servers HTTP/1.1" status: 202 len: 733 time: 0.7116742 nova-api.log.1.2017-05-16_13:53:08
2017-05-16 00:03:17.097 25746 INFO nova.osapi_compute.wsgi.server [req-49348d37-0ea0-4804-b3d1-fe84b2fdfa12 113d3a99c3da401fbd62cc2caa5b96d2 54fadb412c4e40cdbaed9335e4c35a9e - - -] 10.11.10.1 "GET /v2/54fadb412c4e40cdbaed9335e4c35a9e/servers/detail HTTP/1.1" status: 200 len: 1583 time: 0.2927220 nova-compute.log.1.2017-05-16_13:55:31
2017-05-16 00:03:17.220 2931 INFO nova.compute.claims [req-2d658d2c-7eff-414e-a68f-3f1c75c9e874 113d3a99c3da401fbd62cc2caa5b96d2 54fadb412c4e40cdbaed9335e4c35a9e - - -] [instance: 7e7cc42f-3cb9-4d91-804c-f5a32d54f1c5] Attempting claim: memory 2048 MB, disk 20 GB, vcpus 1 CPU nova-compute.log.1.2017-05-16_13:55:31
2017-05-16 00:03:17.221 2931 INFO nova.compute.claims [req-2d658d2c-7eff-414e-a68f-3f1c75c9e874 113d3a99c3da401fbd62cc2caa5b96d2 54fadb412c4e40cdbaed9335e4c35a9e - - -] [instance: 7e7cc42f-3cb9-4d91-804c-f5a32d54f1c5] Total memory: 64172 MB, used: 512.00 MB nova-compute.log.1.2017-05-16_13:55:31
2017-05-16 00:03:17.222 2931 INFO nova.compute.claims [req-2d658d2c-7eff-414e-a68f-3f1c75c9e874 113d3a99c3da401fbd62cc2caa5b96d2 54fadb412c4e40cdbaed9335e4c35a9e - - -] [instance: 7e7cc42f-3cb9-4d91-804c-f5a32d54f1c5] memory limit: 96258.00 MB, free: 95746.00 MB nova-compute.log.1.2017-05-16_13:55:31
2017-05-16 00:03:17.223 2931 INFO nova.compute.claims [req-2d658d2c-7eff-414e-a68f-3f1c75c9e874 113d3a99c3da401fbd62cc2caa5b96d2 54fadb412c4e40cdbaed9335e4c35a9e - - -] [instance: 7e7cc42f-3cb9-4d91-804c-f5a32d54f1c5] Total disk: 15 GB, used: 0.00 GB nova-compute.log.1.2017-05-16_13:55:31
2017-05-16 00:03:17.224 2931 INFO nova.compute.claims [req-2d658d2c-7eff-414e-a68f-3f1c75c9e874 113d3a99c3da401fbd62cc2caa5b96d2 54fadb412c4e40cdbaed9335e4c35a9e - - -] [instance: 7e7cc42f-3cb9-4d91-804c-f5a32d54f1c5] disk limit not specified, defaulting to unlimited nova-compute.log.1.2017-05-16_13:55:31
2017-05-16 00:03:17.224 2931 INFO nova.compute.claims [req-2d658d2c-7eff-414e-a68f-3f1c75c9e874 113d3a99c3da401fbd62cc2caa5b96d2 54fadb412c4e40cdbaed9335e4c35a9e - - -] [instance: 7e7cc42f-3cb9-4d91-804c-f5a32d54f1c5] Total vcpu: 16 VCPU, used: 0.00 VCPU nova-compute.log.1.2017-05-16_13:55:31
2017-05-16 00:03:17.225 2931 INFO nova.compute.claims [req-2d658d2c-7eff-414e-a68f-3f1c75c9e874 113d3a99c3da401fbd62cc2caa5b96d2 54fadb412c4e40cdbaed9335e4c35a9e - - -] [instance: 7e7cc42f-3cb9-4d91-804c-f5a32d54f1c5] vcpu limit not specified, defaulting to unlimited nova-compute.log.1.2017-05-16_13:55:31
2017-05-16 00:03:17.260 2931 INFO nova.compute.claims [req-2d658d2c-7eff-414e-a68f-3f1c75c9e874 113d3a99c3da401fbd62cc2caa5b96d2 54fadb412c4e40cdbaed9335e4c35a9e - - -] [instance: 7e7cc42f-3cb9-4d91-804c-f5a32d54f1c5] Claim successful nova-api.log.1.2017-05-16_13:53:08
2017-05-16 00:03:17.286 25746 INFO nova.osapi_compute.wsgi.server [req-c77665c9-8474-4c2c-94e9-da8b5eccc4a4 113d3a99c3da401fbd62cc2caa5b96d2 54fadb412c4e40cdbaed9335e4c35a9e - - -] 10.11.10.1 "GET /v2/54fadb412c4e40cdbaed9335e4c35a9e/servers/detail HTTP/1.1" status: 200 len: 1583 time: 0.1848371 nova-api.log.1.2017-05-16_13:53:08
2017-05-16 00:03:17.473 25746 INFO nova.osapi_compute.wsgi.server [req-2a800172-ad24-4031-9a51-d3495146717f 113d3a99c3da401fbd62cc2caa5b96d2 54fadb412c4e40cdbaed9335e4c35a9e - - -] 10.11.10.1 "GET /v2/54fadb412c4e40cdbaed9335e4c35a9e/servers/7e7cc42f-3cb9-4d91-804c-f5a32d54f1c5 HTTP/1.1" status: 200 len: 1572 time: 0.1838732 nova-compute.log.1.2017-05-16_13:55:31
2017-05-16 00:03:17.931 2931 INFO nova.virt.libvirt.driver [req-2d658d2c-7eff-414e-a68f-3f1c75c9e874 113d3a99c3da401fbd62cc2caa5b96d2 54fadb412c4e40cdbaed9335e4c35a9e - - -] [instance: 7e7cc42f-3cb9-4d91-804c-f5a32d54f1c5] Creating image nova-api.log.1.2017-05-16_13:53:08
2017-05-16 00:03:18.775 25746 INFO nova.osapi_compute.wsgi.server [req-1357c966-8c54-46e4-be1d-b9651e26fa66 113d3a99c3da401fbd62cc2caa5b96d2 54fadb412c4e40cdbaed9335e4c35a9e - - -] 10.11.10.1 "GET /v2/54fadb412c4e40cdbaed9335e4c35a9e/servers/detail HTTP/1.1" status: 200 len: 1759 time: 0.2973850 nova-api.log.1.2017-05-16_13:53:08
2017-05-16 00:03:19.075 25746 INFO nova.osapi_compute.wsgi.server [req-08b757f2-16eb-4ebd-8cef-1b922ef51b5e 113d3a99c3da401fbd62cc2caa5b96d2 54fadb412c4e40cdbaed9335e4c35a9e - - -] 10.11.10.1 "GET /v2/54fadb412c4e40cdbaed9335e4c35a9e/servers/detail HTTP/1.1" status: 200 len: 1759 time: 0.2967250 nova-compute.log.1.2017-05-16_13:55:31
2017-05-16 00:03:19.284 2931 INFO nova.compute.manager [-] [instance: 95960536-049b-41f6-9049-05fc479b6a7c] VM Stopped (Lifecycle Event) nova-api.log.1.2017-05-16_13:53:08
2017-05-16 00:03:20.359 25746 INFO nova.osapi_compute.wsgi.server [req-9b15f752-78b7-4fc5-8d2b-54f619e0e2b5 113d3a99c3da401fbd62cc2caa5b96d2 54fadb412c4e40cdbaed9335e4c35a9e - - -] 10.11.10.1 "GET /v2/54fadb412c4e40cdbaed9335e4c35a9e/servers/detail HTTP/1.1" status: 200 len: 1893 time: 0.2771640 nova-api.log.1.2017-05-16_13:53:08
2017-05-16 00:03:20.627 25746 INFO nova.osapi_compute.wsgi.server [req-19e7ad40-3594-41b0-a83a-40333f767ebd 113d3a99c3da401fbd62cc2caa5b96d2 54fadb412c4e40cdbaed9335e4c35a9e - - -] 10.11.10.1 "GET /v2/54fadb412c4e40cdbaed9335e4c35a9e/servers/detail HTTP/1.1" status: 200 len: 1893 time: 0.2650268 nova-api.log.1.2017-05-16_13:53:08
2017-05-16 00:03:21.908 25746 INFO nova.osapi_compute.wsgi.server [req-e6e405d0-64f1-4959-b359-ba64936c6144 113d3a99c3da401fbd62cc2caa5b96d2 54fadb412c4e40cdbaed9335e4c35a9e - - -] 10.11.10.1 "GET /v2/54fadb412c4e40cdbaed9335e4c35a9e/servers/detail HTTP/1.1" status: 200 len: 1893 time: 0.2754779 nova-api.log.1.2017-05-16_13:53:08
2017-05-16 00:03:22.173 25746 INFO nova.osapi_compute.wsgi.server [req-5e19ca64-9d79-46dc-af69-0bfe959dadd6 113d3a99c3da401fbd62cc2caa5b96d2 54fadb412c4e40cdbaed9335e4c35a9e - - -] 10.11.10.1 "GET /v2/54fadb412c4e40cdbaed9335e4c35a9e/servers/detail HTTP/1.1" status: 200 len: 1893 time: 0.2620330 nova-api.log.1.2017-05-16_13:53:08
2017-05-16 00:03:23.451 25746 INFO nova.osapi_compute.wsgi.server [req-86997220-e959-4cef-8315-723f20d4f1de 113d3a99c3da401fbd62cc2caa5b96d2 54fadb412c4e40cdbaed9335e4c35a9e - - -] 10.11.10.1 "GET /v2/54fadb412c4e40cdbaed9335e4c35a9e/servers/detail HTTP/1.1" status: 200 len: 1893 time: 0.2708549 nova-api.log.1.2017-05-16_13:53:08
2017-05-16 00:03:23.710 25746 INFO nova.osapi_compute.wsgi.server [req-32d71807-a737-4853-b385-bed9ed2bfb49 113d3a99c3da401fbd62cc2caa5b96d2 54fadb412c4e40cdbaed9335e4c35a9e - - -] 10.11.10.1 "GET /v2/54fadb412c4e40cdbaed9335e4c35a9e/servers/detail HTTP/1.1" status: 200 len: 1893 time: 0.2557549 nova-api.log.1.2017-05-16_13:53:08
2017-05-16 00:03:25.003 25746 INFO nova.osapi_compute.wsgi.server [req-4ffeb467-110b-4615-a5a8-11f1ccb2bf27 113d3a99c3da401fbd62cc2caa5b96d2 54fadb412c4e40cdbaed9335e4c35a9e - - -] 10.11.10.1 "GET /v2/54fadb412c4e40cdbaed9335e4c35a9e/servers/detail HTTP/1.1" status: 200 len: 1893 time: 0.2863061 nova-api.log.1.2017-05-16_13:53:08
2017-05-16 00:03:25.263 25746 INFO nova.osapi_compute.wsgi.server [req-36edee2a-9189-477f-be64-1ff36bf2933b 113d3a99c3da401fbd62cc2caa5b96d2 54fadb412c4e40cdbaed9335e4c35a9e - - -] 10.11.10.1 "GET /v2/54fadb412c4e40cdbaed9335e4c35a9e/servers/detail HTTP/1.1" status: 200 len: 1893 time: 0.2571361 nova-api.log.1.2017-05-16_13:53:08
2017-05-16 00:03:26.537 25746 INFO nova.osapi_compute.wsgi.server [req-aa55b411-2ba0-4b61-9fd9-26d40aeb9423 113d3a99c3da401fbd62cc2caa5b96d2 54fadb412c4e40cdbaed9335e4c35a9e - - -] 10.11.10.1 "GET /v2/54fadb412c4e40cdbaed9335e4c35a9e/servers/detail HTTP/1.1" status: 200 len: 1893 time: 0.2682309 nova-api.log.1.2017-05-16_13:53:08
2017-05-16 00:03:26.806 25746 INFO nova.osapi_compute.wsgi.server [req-308202e3-7228-440e-aa2e-70558059a68b 113d3a99c3da401fbd62cc2caa5b96d2 54fadb412c4e40cdbaed9335e4c35a9e - - -] 10.11.10.1 "GET /v2/54fadb412c4e40cdbaed9335e4c35a9e/servers/detail HTTP/1.1" status: 200 len: 1893 time: 0.2644999 nova-api.log.1.2017-05-16_13:53:08
2017-05-16 00:03:28.089 25746 INFO nova.osapi_compute.wsgi.server [req-af7be5c1-cb29-4dba-b7eb-d008e01c9690 113d3a99c3da401fbd62cc2caa5b96d2 54fadb412c4e40cdbaed9335e4c35a9e - - -] 10.11.10.1 "GET /v2/54fadb412c4e40cdbaed9335e4c35a9e/servers/detail HTTP/1.1" status: 200 len: 1893 time: 0.2762442 nova-api.log.1.2017-05-16_13:53:08
2017-05-16 00:03:28.355 25746 INFO nova.osapi_compute.wsgi.server [req-77cc3c0e-d34a-49e1-b132-eef9a76b64aa 113d3a99c3da401fbd62cc2caa5b96d2 54fadb412c4e40cdbaed9335e4c35a9e - - -] 10.11.10.1 "GET /v2/54fadb412c4e40cdbaed9335e4c35a9e/servers/detail HTTP/1.1" status: 200 len: 1893 time: 0.2619240 nova-api.log.1.2017-05-16_13:53:08
2017-05-16 00:03:29.621 25746 INFO nova.osapi_compute.wsgi.server [req-bafa2157-685a-4091-b1e9-eb8635e92273 113d3a99c3da401fbd62cc2caa5b96d2 54fadb412c4e40cdbaed9335e4c35a9e - - -] 10.11.10.1 "GET /v2/54fadb412c4e40cdbaed9335e4c35a9e/servers/detail HTTP/1.1" status: 200 len: 1893 time: 0.2600479 nova-api.log.1.2017-05-16_13:53:08
2017-05-16 00:03:29.879 25746 INFO nova.osapi_compute.wsgi.server [req-206aa9c3-b7b4-41e7-92a2-70cff6538462 113d3a99c3da401fbd62cc2caa5b96d2 54fadb412c4e40cdbaed9335e4c35a9e - - -] 10.11.10.1 "GET /v2/54fadb412c4e40cdbaed9335e4c35a9e/servers/detail HTTP/1.1" status: 200 len: 1893 time: 0.2538040 nova-compute.log.1.2017-05-16_13:55:31
2017-05-16 00:03:30.161 2931 INFO nova.virt.libvirt.imagecache [req-addc1839-2ed5-4778-b57e-5854eb7b8b09 - - - - -] image 0673dd71-34c5-4fbb-86c4-40623fbe45b4 at (/var/lib/nova/instances/_base/a489c868f0c37da93b76227c91bb03908ac0e742): checking nova-compute.log.1.2017-05-16_13:55:31
2017-05-16 00:03:30.162 2931 INFO nova.virt.libvirt.imagecache [req-addc1839-2ed5-4778-b57e-5854eb7b8b09 - - - - -] image 0673dd71-34c5-4fbb-86c4-40623fbe45b4 at (/var/lib/nova/instances/_base/a489c868f0c37da93b76227c91bb03908ac0e742): in use: on this node 1 local, 0 on other nodes sharing this instance storage nova-compute.log.1.2017-05-16_13:55:31
2017-05-16 00:03:30.357 2931 INFO nova.virt.libvirt.imagecache [req-addc1839-2ed5-4778-b57e-5854eb7b8b09 - - - - -] Active base files: /var/lib/nova/instances/_base/a489c868f0c37da93b76227c91bb03908ac0e742 nova-compute.log.1.2017-05-16_13:55:31
2017-05-16 00:03:31.011 2931 INFO nova.compute.manager [req-3ea4052c-895d-4b64-9e2d-04d64c4d94ab - - - - -] [instance: 7e7cc42f-3cb9-4d91-804c-f5a32d54f1c5] VM Started (Lifecycle Event) nova-compute.log.1.2017-05-16_13:55:31
2017-05-16 00:03:31.081 2931 INFO nova.compute.manager [req-3ea4052c-895d-4b64-9e2d-04d64c4d94ab - - - - -] [instance: 7e7cc42f-3cb9-4d91-804c-f5a32d54f1c5] VM Paused (Lifecycle Event) nova-api.log.1.2017-05-16_13:53:08
2017-05-16 00:03:31.161 25746 INFO nova.osapi_compute.wsgi.server [req-135542a4-6100-4643-83f4-c3d3271ac898 113d3a99c3da401fbd62cc2caa5b96d2 54fadb412c4e40cdbaed9335e4c35a9e - - -] 10.11.10.1 "GET /v2/54fadb412c4e40cdbaed9335e4c35a9e/servers/detail HTTP/1.1" status: 200 len: 1893 time: 0.2776730 nova-compute.log.1.2017-05-16_13:55:31
2017-05-16 00:03:31.202 2931 INFO nova.compute.manager [req-3ea4052c-895d-4b64-9e2d-04d64c4d94ab - - - - -] [instance: 7e7cc42f-3cb9-4d91-804c-f5a32d54f1c5] During sync_power_state the instance has a pending task (spawning). Skip. nova-api.log.1.2017-05-16_13:53:08
2017-05-16 00:03:31.429 25746 INFO nova.osapi_compute.wsgi.server [req-213c462a-869c-4e96-95c0-5d9b49fd5f79 113d3a99c3da401fbd62cc2caa5b96d2 54fadb412c4e40cdbaed9335e4c35a9e - - -] 10.11.10.1 "GET /v2/54fadb412c4e40cdbaed9335e4c35a9e/servers/detail HTTP/1.1" status: 200 len: 1893 time: 0.2630680 nova-api.log.1.2017-05-16_13:53:08
2017-05-16 00:03:32.684 25746 INFO nova.osapi_compute.wsgi.server [req-385c4fd4-fc22-4fc7-b1c9-ff7fea96847c 113d3a99c3da401fbd62cc2caa5b96d2 54fadb412c4e40cdbaed9335e4c35a9e - - -] 10.11.10.1 "GET /v2/54fadb412c4e40cdbaed9335e4c35a9e/servers/detail HTTP/1.1" status: 200 len: 1893 time: 0.2493019 nova-api.log.1.2017-05-16_13:53:08
2017-05-16 00:03:32.958 25746 INFO nova.osapi_compute.wsgi.server [req-e28bae73-ef07-429a-af86-3b7b89a80422 113d3a99c3da401fbd62cc2caa5b96d2 54fadb412c4e40cdbaed9335e4c35a9e - - -] 10.11.10.1 "GET /v2/54fadb412c4e40cdbaed9335e4c35a9e/servers/detail HTTP/1.1" status: 200 len: 1893 time: 0.2702570 nova-api.log.1.2017-05-16_13:53:08
2017-05-16 00:03:34.385 25746 INFO nova.osapi_compute.wsgi.server [req-f5f0905b-6c4a-42d1-b5c3-6b1da21ed657 113d3a99c3da401fbd62cc2caa5b96d2 54fadb412c4e40cdbaed9335e4c35a9e - - -] 10.11.10.1 "GET /v2/54fadb412c4e40cdbaed9335e4c35a9e/servers/detail HTTP/1.1" status: 200 len: 1893 time: 0.4212601 nova-api.log.1.2017-05-16_13:53:08
2017-05-16 00:03:34.646 25746 INFO nova.osapi_compute.wsgi.server [req-41e63879-5cf5-4846-8bb8-4caf07985a8c 113d3a99c3da401fbd62cc2caa5b96d2 54fadb412c4e40cdbaed9335e4c35a9e - - -] 10.11.10.1 "GET /v2/54fadb412c4e40cdbaed9335e4c35a9e/servers/detail HTTP/1.1" status: 200 len: 1893 time: 0.2571011 nova-compute.log.1.2017-05-16_13:55:31
2017-05-16 00:03:35.416 2931 INFO nova.virt.libvirt.imagecache [req-addc1839-2ed5-4778-b57e-5854eb7b8b09 - - - - -] image 0673dd71-34c5-4fbb-86c4-40623fbe45b4 at (/var/lib/nova/instances/_base/a489c868f0c37da93b76227c91bb03908ac0e742): checking nova-compute.log.1.2017-05-16_13:55:31
2017-05-16 00:03:35.417 2931 INFO nova.virt.libvirt.imagecache [req-addc1839-2ed5-4778-b57e-5854eb7b8b09 - - - - -] image 0673dd71-34c5-4fbb-86c4-40623fbe45b4 at (/var/lib/nova/instances/_base/a489c868f0c37da93b76227c91bb03908ac0e742): in use: on this node 1 local, 0 on other nodes sharing this instance storage nova-compute.log.1.2017-05-16_13:55:31
2017-05-16 00:03:35.602 2931 INFO nova.virt.libvirt.imagecache [req-addc1839-2ed5-4778-b57e-5854eb7b8b09 - - - - -] Active base files: /var/lib/nova/instances/_base/a489c868f0c37da93b76227c91bb03908ac0e742 nova-api.log.1.2017-05-16_13:53:08
2017-05-16 00:03:35.914 25746 INFO nova.osapi_compute.wsgi.server [req-826238fb-3373-47c4-b6ef-2576b3bc286f 113d3a99c3da401fbd62cc2caa5b96d2 54fadb412c4e40cdbaed9335e4c35a9e - - -] 10.11.10.1 "GET /v2/54fadb412c4e40cdbaed9335e4c35a9e/servers/detail HTTP/1.1" status: 200 len: 1893 time: 0.2608051 nova-api.log.1.2017-05-16_13:53:08
2017-05-16 00:03:36.172 25746 INFO nova.osapi_compute.wsgi.server [req-0b3194a7-fbae-4214-88fe-39afd63e25a7 113d3a99c3da401fbd62cc2caa5b96d2 54fadb412c4e40cdbaed9335e4c35a9e - - -] 10.11.10.1 "GET /v2/54fadb412c4e40cdbaed9335e4c35a9e/servers/detail HTTP/1.1" status: 200 len: 1893 time: 0.2536151 nova-api.log.1.2017-05-16_13:53:08
2017-05-16 00:03:36.979 25743 INFO nova.api.openstack.compute.server_external_events [req-3be0ba1e-d96d-483e-b14d-e3c6c34f36f7 f7b8d1f1d4d44643b07fa10ca7d021fb e9746973ac574c6b8a9e8857f56a7608 - - -] Creating event network-vif-plugged:85754923-baff-45ad-9e35-a3055c898234 for instance 7e7cc42f-3cb9-4d91-804c-f5a32d54f1c5 nova-api.log.1.2017-05-16_13:53:08
2017-05-16 00:03:36.986 25743 INFO nova.osapi_compute.wsgi.server [req-3be0ba1e-d96d-483e-b14d-e3c6c34f36f7 f7b8d1f1d4d44643b07fa10ca7d021fb e9746973ac574c6b8a9e8857f56a7608 - - -] 10.11.10.1 "POST /v2/e9746973ac574c6b8a9e8857f56a7608/os-server-external-events HTTP/1.1" status: 200 len: 380 time: 0.1039391 nova-compute.log.1.2017-05-16_13:55:31
2017-05-16 00:03:36.996 2931 INFO nova.compute.manager [req-3ea4052c-895d-4b64-9e2d-04d64c4d94ab - - - - -] [instance: 7e7cc42f-3cb9-4d91-804c-f5a32d54f1c5] VM Resumed (Lifecycle Event) nova-compute.log.1.2017-05-16_13:55:31
2017-05-16 00:03:37.002 2931 INFO nova.virt.libvirt.driver [-] [instance: 7e7cc42f-3cb9-4d91-804c-f5a32d54f1c5] Instance spawned successfully. nova-compute.log.1.2017-05-16_13:55:31
2017-05-16 00:03:37.003 2931 INFO nova.compute.manager [req-2d658d2c-7eff-414e-a68f-3f1c75c9e874 113d3a99c3da401fbd62cc2caa5b96d2 54fadb412c4e40cdbaed9335e4c35a9e - - -] [instance: 7e7cc42f-3cb9-4d91-804c-f5a32d54f1c5] Took 19.07 seconds to spawn the instance on the hypervisor. nova-compute.log.1.2017-05-16_13:55:31
2017-05-16 00:03:37.113 2931 INFO nova.compute.manager [req-3ea4052c-895d-4b64-9e2d-04d64c4d94ab - - - - -] [instance: 7e7cc42f-3cb9-4d91-804c-f5a32d54f1c5] During sync_power_state the instance has a pending task (spawning). Skip. nova-compute.log.1.2017-05-16_13:55:31
2017-05-16 00:03:37.115 2931 INFO nova.compute.manager [req-3ea4052c-895d-4b64-9e2d-04d64c4d94ab - - - - -] [instance: 7e7cc42f-3cb9-4d91-804c-f5a32d54f1c5] VM Resumed (Lifecycle Event) nova-compute.log.1.2017-05-16_13:55:31
2017-05-16 00:03:37.133 2931 INFO nova.compute.manager [req-2d658d2c-7eff-414e-a68f-3f1c75c9e874 113d3a99c3da401fbd62cc2caa5b96d2 54fadb412c4e40cdbaed9335e4c35a9e - - -] [instance: 7e7cc42f-3cb9-4d91-804c-f5a32d54f1c5] Took 19.92 seconds to build instance. nova-api.log.1.2017-05-16_13:53:08
2017-05-16 00:03:37.446 25746 INFO nova.osapi_compute.wsgi.server [req-f32a2c19-2c81-45f7-8506-f8e539929139 113d3a99c3da401fbd62cc2caa5b96d2 54fadb412c4e40cdbaed9335e4c35a9e - - -] 10.11.10.1 "GET /v2/54fadb412c4e40cdbaed9335e4c35a9e/servers/detail HTTP/1.1" status: 200 len: 1910 time: 0.2687280 nova-api.log.1.2017-05-16_13:53:08
2017-05-16 00:03:37.708 25746 INFO nova.osapi_compute.wsgi.server [req-f204b576-164a-45e0-b31f-e57265e8864a 113d3a99c3da401fbd62cc2caa5b96d2 54fadb412c4e40cdbaed9335e4c35a9e - - -] 10.11.10.1 "GET /v2/54fadb412c4e40cdbaed9335e4c35a9e/servers/detail HTTP/1.1" status: 200 len: 1910 time: 0.2570262 nova-compute.log.1.2017-05-16_13:55:31
2017-05-16 00:03:40.655 2931 INFO nova.virt.libvirt.imagecache [req-addc1839-2ed5-4778-b57e-5854eb7b8b09 - - - - -] image 0673dd71-34c5-4fbb-86c4-40623fbe45b4 at (/var/lib/nova/instances/_base/a489c868f0c37da93b76227c91bb03908ac0e742): checking nova-compute.log.1.2017-05-16_13:55:31
2017-05-16 00:03:40.656 2931 INFO nova.virt.libvirt.imagecache [req-addc1839-2ed5-4778-b57e-5854eb7b8b09 - - - - -] image 0673dd71-34c5-4fbb-86c4-40623fbe45b4 at (/var/lib/nova/instances/_base/a489c868f0c37da93b76227c91bb03908ac0e742): in use: on this node 1 local, 0 on other nodes sharing this instance storage nova-compute.log.1.2017-05-16_13:55:31
2017-05-16 00:03:40.829 2931 INFO nova.virt.libvirt.imagecache [req-addc1839-2ed5-4778-b57e-5854eb7b8b09 - - - - -] Active base files: /var/lib/nova/instances/_base/a489c868f0c37da93b76227c91bb03908ac0e742 nova-api.log.1.2017-05-16_13:53:08
2017-05-16 00:03:43.324 25779 INFO nova.metadata.wsgi.server [req-258a0b43-37d6-4f22-98b8-e7863a77ef43 - - - - -] 10.11.21.127,10.11.10.1 "GET /openstack/2012-08-10/meta_data.json HTTP/1.1" status: 200 len: 264 time: 0.2254272 nova-api.log.1.2017-05-16_13:53:08
2017-05-16 00:03:43.635 25791 INFO nova.metadata.wsgi.server [req-1cbcfc19-86a6-45ba-be47-f13c3af17b9e - - - - -] 10.11.21.127,10.11.10.1 "GET /openstack/2013-10-17 HTTP/1.1" status: 200 len: 157 time: 0.2243600 nova-api.log.1.2017-05-16_13:53:08
2017-05-16 00:03:43.963 25774 INFO nova.metadata.wsgi.server [req-851b5cec-0231-43f7-a3f1-47e8d1a1f2b5 - - - - -] 10.11.21.127,10.11.10.1 "GET /openstack/2013-10-17/vendor_data.json HTTP/1.1" status: 200 len: 124 time: 0.2370040 nova-api.log.1.2017-05-16_13:53:08
2017-05-16 00:03:43.998 25746 INFO nova.osapi_compute.wsgi.server [req-c6d4eab2-e008-4384-a149-8ff001ca4cb6 113d3a99c3da401fbd62cc2caa5b96d2 54fadb412c4e40cdbaed9335e4c35a9e - - -] 10.11.10.1 "DELETE /v2/54fadb412c4e40cdbaed9335e4c35a9e/servers/7e7cc42f-3cb9-4d91-804c-f5a32d54f1c5 HTTP/1.1" status: 204 len: 203 time: 0.2801199 nova-compute.log.1.2017-05-16_13:55:31
2017-05-16 00:03:44.031 2931 INFO nova.compute.manager [req-c6d4eab2-e008-4384-a149-8ff001ca4cb6 113d3a99c3da401fbd62cc2caa5b96d2 54fadb412c4e40cdbaed9335e4c35a9e - - -] [instance: 7e7cc42f-3cb9-4d91-804c-f5a32d54f1c5] Terminating instance nova-api.log.1.2017-05-16_13:53:08
2017-05-16 00:03:44.221 25778 INFO nova.metadata.wsgi.server [req-ecbd525f-38ad-49a5-a65d-6b43af9227ab - - - - -] 10.11.21.127,10.11.10.1 "GET /openstack/2013-10-17/vendor_data.json HTTP/1.1" status: 200 len: 124 time: 0.2475102 nova-compute.log.1.2017-05-16_13:55:31
2017-05-16 00:03:44.247 2931 INFO nova.virt.libvirt.driver [-] [instance: 7e7cc42f-3cb9-4d91-804c-f5a32d54f1c5] Instance destroyed successfully. nova-api.log.1.2017-05-16_13:53:08
2017-05-16 00:03:44.384 25746 INFO nova.osapi_compute.wsgi.server [req-330a4477-cfaf-485f-a5e9-69e0e9be0a4f 113d3a99c3da401fbd62cc2caa5b96d2 54fadb412c4e40cdbaed9335e4c35a9e - - -] 10.11.10.1 "GET /v2/54fadb412c4e40cdbaed9335e4c35a9e/servers/detail HTTP/1.1" status: 200 len: 1916 time: 0.3824501 nova-compute.log.1.2017-05-16_13:55:31
2017-05-16 00:03:44.908 2931 INFO nova.virt.libvirt.driver [req-c6d4eab2-e008-4384-a149-8ff001ca4cb6 113d3a99c3da401fbd62cc2caa5b96d2 54fadb412c4e40cdbaed9335e4c35a9e - - -] [instance: 7e7cc42f-3cb9-4d91-804c-f5a32d54f1c5] Deleting instance files /var/lib/nova/instances/7e7cc42f-3cb9-4d91-804c-f5a32d54f1c5_del