2017-05-16 00:01:14.560 25746 INFO nova.osapi_compute.wsgi.server [req-b543ced1-368e-4997-bd19-bfe484087365 113d3a99c3da401fbd62cc2caa5b96d2 54fadb412c4e40cdbaed9335e4c35a9e - - -] 10.11.10.1 "GET /v2/54fadb412c4e40cdbaed9335e4c35a9e/servers/detail HTTP/1.1" status: 200 len: 1759 time: 0.2633560 nova-compute.log.1.2017-05-16_13:55:31
2017-05-16 00:01:14.735 2931 INFO nova.compute.manager [-] [instance: 96abccce-8d1f-4e07-b6d1-4b2ab87e23b4] VM Stopped (Lifecycle Event) nova-api.log.1.2017-05-16_13:53:08
2017-05-16 00:01:14.819 25746 INFO nova.osapi_compute.wsgi.server [req-428f28af-b5be-46d2-a334-c261235ec80d 113d3a99c3da401fbd62cc2caa5b96d2 54fadb412c4e40cdbaed9335e4c35a9e - - -] 10.11.10.1 "GET /v2/54fadb412c4e40cdbaed9335e4c35a9e/servers/detail HTTP/1.1" status: 200 len: 1759 time: 0.2561328 nova-api.log.1.2017-05-16_13:53:08
2017-05-16 00:01:16.100 25746 INFO nova.osapi_compute.wsgi.server [req-45f80172-398a-4dc5-be8b-2d5a3509a95c 113d3a99c3da401fbd62cc2caa5b96d2 54fadb412c4e40cdbaed9335e4c35a9e - - -] 10.11.10.1 "GET /v2/54fadb412c4e40cdbaed9335e4c35a9e/servers/detail HTTP/1.1" status: 200 len: 1893 time: 0.2740800 nova-api.log.1.2017-05-16_13:53:08
2017-05-16 00:01:16.368 25746 INFO nova.osapi_compute.wsgi.server [req-ccf53bd0-3d1f-4951-858c-c5b0416e7ccf 113d3a99c3da401fbd62cc2caa5b96d2 54fadb412c4e40cdbaed9335e4c35a9e - - -] 10.11.10.1 "GET /v2/54fadb412c4e40cdbaed9335e4c35a9e/servers/detail HTTP/1.1" status: 200 len: 1893 time: 0.2638359 nova-api.log.1.2017-05-16_13:53:08
2017-05-16 00:01:17.654 25746 INFO nova.osapi_compute.wsgi.server [req-e89e7c8f-91d3-41c6-8483-ca10554084c7 113d3a99c3da401fbd62cc2caa5b96d2 54fadb412c4e40cdbaed9335e4c35a9e - - -] 10.11.10.1 "GET /v2/54fadb412c4e40cdbaed9335e4c35a9e/servers/detail HTTP/1.1" status: 200 len: 1893 time: 0.2793601 nova-api.log.1.2017-05-16_13:53:08
2017-05-16 00:01:17.920 25746 INFO nova.osapi_compute.wsgi.server [req-9e6e6ab0-4a0e-4d51-aed1-028d418862ad 113d3a99c3da401fbd62cc2caa5b96d2 54fadb412c4e40cdbaed9335e4c35a9e - - -] 10.11.10.1 "GET /v2/54fadb412c4e40cdbaed9335e4c35a9e/servers/detail HTTP/1.1" status: 200 len: 1893 time: 0.2611539 nova-api.log.1.2017-05-16_13:53:08
2017-05-16 00:01:19.202 25746 INFO nova.osapi_compute.wsgi.server [req-6b8f0c42-a8aa-4947-918c-385855184318 113d3a99c3da401fbd62cc2caa5b96d2 54fadb412c4e40cdbaed9335e4c35a9e - - -] 10.11.10.1 "GET /v2/54fadb412c4e40cdbaed9335e4c35a9e/servers/detail HTTP/1.1" status: 200 len: 1893 time: 0.2773159 nova-api.log.1.2017-05-16_13:53:08
2017-05-16 00:01:19.475 25746 INFO nova.osapi_compute.wsgi.server [req-d133dda3-dd32-4846-bca9-96dfeb3e9657 113d3a99c3da401fbd62cc2caa5b96d2 54fadb412c4e40cdbaed9335e4c35a9e - - -] 10.11.10.1 "GET /v2/54fadb412c4e40cdbaed9335e4c35a9e/servers/detail HTTP/1.1" status: 200 len: 1893 time: 0.2688291 nova-api.log.1.2017-05-16_13:53:08
2017-05-16 00:01:20.752 25746 INFO nova.osapi_compute.wsgi.server [req-aeff33d0-dd58-4d76-bfec-d25b843a0521 113d3a99c3da401fbd62cc2caa5b96d2 54fadb412c4e40cdbaed9335e4c35a9e - - -] 10.11.10.1 "GET /v2/54fadb412c4e40cdbaed9335e4c35a9e/servers/detail HTTP/1.1" status: 200 len: 1893 time: 0.2706490 nova-api.log.1.2017-05-16_13:53:08
2017-05-16 00:01:21.044 25746 INFO nova.osapi_compute.wsgi.server [req-f0ebc071-5c5d-4bfa-aea6-9a6d1704b71b 113d3a99c3da401fbd62cc2caa5b96d2 54fadb412c4e40cdbaed9335e4c35a9e - - -] 10.11.10.1 "GET /v2/54fadb412c4e40cdbaed9335e4c35a9e/servers/detail HTTP/1.1" status: 200 len: 1893 time: 0.2866180 nova-api.log.1.2017-05-16_13:53:08
2017-05-16 00:01:22.317 25746 INFO nova.osapi_compute.wsgi.server [req-7909bf67-0040-4290-a996-c16ad91da03b 113d3a99c3da401fbd62cc2caa5b96d2 54fadb412c4e40cdbaed9335e4c35a9e - - -] 10.11.10.1 "GET /v2/54fadb412c4e40cdbaed9335e4c35a9e/servers/detail HTTP/1.1" status: 200 len: 1893 time: 0.2673891 nova-api.log.1.2017-05-16_13:53:08
2017-05-16 00:01:22.584 25746 INFO nova.osapi_compute.wsgi.server [req-2c6c341b-b271-4b81-8187-e4b32d472053 113d3a99c3da401fbd62cc2caa5b96d2 54fadb412c4e40cdbaed9335e4c35a9e - - -] 10.11.10.1 "GET /v2/54fadb412c4e40cdbaed9335e4c35a9e/servers/detail HTTP/1.1" status: 200 len: 1893 time: 0.2630482 nova-api.log.1.2017-05-16_13:53:08
2017-05-16 00:01:23.863 25746 INFO nova.osapi_compute.wsgi.server [req-3d954aae-f4f5-47a6-9cf8-a8e00beeab93 113d3a99c3da401fbd62cc2caa5b96d2 54fadb412c4e40cdbaed9335e4c35a9e - - -] 10.11.10.1 "GET /v2/54fadb412c4e40cdbaed9335e4c35a9e/servers/detail HTTP/1.1" status: 200 len: 1893 time: 0.2733018 nova-api.log.1.2017-05-16_13:53:08
2017-05-16 00:01:24.133 25746 INFO nova.osapi_compute.wsgi.server [req-11200554-a543-43c3-ac95-d855b3bd8b32 113d3a99c3da401fbd62cc2caa5b96d2 54fadb412c4e40cdbaed9335e4c35a9e - - -] 10.11.10.1 "GET /v2/54fadb412c4e40cdbaed9335e4c35a9e/servers/detail HTTP/1.1" status: 200 len: 1893 time: 0.2652190 nova-compute.log.1.2017-05-16_13:55:31
2017-05-16 00:01:25.141 2931 INFO nova.virt.libvirt.imagecache [req-addc1839-2ed5-4778-b57e-5854eb7b8b09 - - - - -] image 0673dd71-34c5-4fbb-86c4-40623fbe45b4 at (/var/lib/nova/instances/_base/a489c868f0c37da93b76227c91bb03908ac0e742): checking nova-compute.log.1.2017-05-16_13:55:31
2017-05-16 00:01:25.142 2931 INFO nova.virt.libvirt.imagecache [req-addc1839-2ed5-4778-b57e-5854eb7b8b09 - - - - -] image 0673dd71-34c5-4fbb-86c4-40623fbe45b4 at (/var/lib/nova/instances/_base/a489c868f0c37da93b76227c91bb03908ac0e742): in use: on this node 1 local, 0 on other nodes sharing this instance storage nova-compute.log.1.2017-05-16_13:55:31
2017-05-16 00:01:25.331 2931 INFO nova.virt.libvirt.imagecache [req-addc1839-2ed5-4778-b57e-5854eb7b8b09 - - - - -] Active base files: /var/lib/nova/instances/_base/a489c868f0c37da93b76227c91bb03908ac0e742 nova-api.log.1.2017-05-16_13:53:08
2017-05-16 00:01:25.388 25746 INFO nova.osapi_compute.wsgi.server [req-f19e6425-c9a9-46d2-9439-7e9b0d955ed5 113d3a99c3da401fbd62cc2caa5b96d2 54fadb412c4e40cdbaed9335e4c35a9e - - -] 10.11.10.1 "GET /v2/54fadb412c4e40cdbaed9335e4c35a9e/servers/detail HTTP/1.1" status: 200 len: 1893 time: 0.2491391 nova-api.log.1.2017-05-16_13:53:08
2017-05-16 00:01:25.647 25746 INFO nova.osapi_compute.wsgi.server [req-cebeeef5-8804-4bfc-beca-716acf433be4 113d3a99c3da401fbd62cc2caa5b96d2 54fadb412c4e40cdbaed9335e4c35a9e - - -] 10.11.10.1 "GET /v2/54fadb412c4e40cdbaed9335e4c35a9e/servers/detail HTTP/1.1" status: 200 len: 1893 time: 0.2543209 nova-compute.log.1.2017-05-16_13:55:31
2017-05-16 00:01:26.460 2931 INFO nova.compute.manager [req-3ea4052c-895d-4b64-9e2d-04d64c4d94ab - - - - -] [instance: b562ef10-ba2d-48ae-bf4a-18666cba4a51] VM Started (Lifecycle Event) nova-compute.log.1.2017-05-16_13:55:31
2017-05-16 00:01:26.524 2931 INFO nova.compute.manager [req-3ea4052c-895d-4b64-9e2d-04d64c4d94ab - - - - -] [instance: b562ef10-ba2d-48ae-bf4a-18666cba4a51] VM Paused (Lifecycle Event) nova-compute.log.1.2017-05-16_13:55:31
2017-05-16 00:01:26.643 2931 INFO nova.compute.manager [req-3ea4052c-895d-4b64-9e2d-04d64c4d94ab - - - - -] [instance: b562ef10-ba2d-48ae-bf4a-18666cba4a51] During sync_power_state the instance has a pending task (spawning). Skip. nova-api.log.1.2017-05-16_13:53:08
2017-05-16 00:01:26.930 25746 INFO nova.osapi_compute.wsgi.server [req-f2287178-8d2a-4421-a098-c154341ae628 113d3a99c3da401fbd62cc2caa5b96d2 54fadb412c4e40cdbaed9335e4c35a9e - - -] 10.11.10.1 "GET /v2/54fadb412c4e40cdbaed9335e4c35a9e/servers/detail HTTP/1.1" status: 200 len: 1893 time: 0.2777491 nova-api.log.1.2017-05-16_13:53:08
2017-05-16 00:01:27.193 25746 INFO nova.osapi_compute.wsgi.server [req-370681d7-1260-4326-b10a-112d8c56c41e 113d3a99c3da401fbd62cc2caa5b96d2 54fadb412c4e40cdbaed9335e4c35a9e - - -] 10.11.10.1 "GET /v2/54fadb412c4e40cdbaed9335e4c35a9e/servers/detail HTTP/1.1" status: 200 len: 1893 time: 0.2589149 nova-api.log.1.2017-05-16_13:53:08
2017-05-16 00:01:28.558 25746 INFO nova.osapi_compute.wsgi.server [req-1cd04999-4cd8-418c-9117-ecaf3e129b33 113d3a99c3da401fbd62cc2caa5b96d2 54fadb412c4e40cdbaed9335e4c35a9e - - -] 10.11.10.1 "GET /v2/54fadb412c4e40cdbaed9335e4c35a9e/servers/detail HTTP/1.1" status: 200 len: 1893 time: 0.3592770 nova-api.log.1.2017-05-16_13:53:08
2017-05-16 00:01:28.807 25746 INFO nova.osapi_compute.wsgi.server [req-1ff7c697-95a2-4bf6-9198-158d16989796 113d3a99c3da401fbd62cc2caa5b96d2 54fadb412c4e40cdbaed9335e4c35a9e - - -] 10.11.10.1 "GET /v2/54fadb412c4e40cdbaed9335e4c35a9e/servers/detail HTTP/1.1" status: 200 len: 1893 time: 0.2463491 nova-api.log.1.2017-05-16_13:53:08
2017-05-16 00:01:30.095 25746 INFO nova.osapi_compute.wsgi.server [req-b413cc90-4f89-4c1c-8049-0931c23830a3 113d3a99c3da401fbd62cc2caa5b96d2 54fadb412c4e40cdbaed9335e4c35a9e - - -] 10.11.10.1 "GET /v2/54fadb412c4e40cdbaed9335e4c35a9e/servers/detail HTTP/1.1" status: 200 len: 1893 time: 0.2825699 nova-compute.log.1.2017-05-16_13:55:31
2017-05-16 00:01:30.142 2931 INFO nova.virt.libvirt.imagecache [req-addc1839-2ed5-4778-b57e-5854eb7b8b09 - - - - -] image 0673dd71-34c5-4fbb-86c4-40623fbe45b4 at (/var/lib/nova/instances/_base/a489c868f0c37da93b76227c91bb03908ac0e742): checking nova-compute.log.1.2017-05-16_13:55:31
2017-05-16 00:01:30.142 2931 INFO nova.virt.libvirt.imagecache [req-addc1839-2ed5-4778-b57e-5854eb7b8b09 - - - - -] image 0673dd71-34c5-4fbb-86c4-40623fbe45b4 at (/var/lib/nova/instances/_base/a489c868f0c37da93b76227c91bb03908ac0e742): in use: on this node 1 local, 0 on other nodes sharing this instance storage nova-compute.log.1.2017-05-16_13:55:31
2017-05-16 00:01:30.319 2931 INFO nova.virt.libvirt.imagecache [req-addc1839-2ed5-4778-b57e-5854eb7b8b09 - - - - -] Active base files: /var/lib/nova/instances/_base/a489c868f0c37da93b76227c91bb03908ac0e742 nova-api.log.1.2017-05-16_13:53:08
2017-05-16 00:01:30.358 25746 INFO nova.osapi_compute.wsgi.server [req-5e81acc6-75f4-4110-ac6a-3adf677d4d9f 113d3a99c3da401fbd62cc2caa5b96d2 54fadb412c4e40cdbaed9335e4c35a9e - - -] 10.11.10.1 "GET /v2/54fadb412c4e40cdbaed9335e4c35a9e/servers/detail HTTP/1.1" status: 200 len: 1893 time: 0.2592661 nova-api.log.1.2017-05-16_13:53:08
2017-05-16 00:01:31.811 25746 INFO nova.osapi_compute.wsgi.server [req-1c33bdb8-a945-437c-a2a4-836c25c502ef 113d3a99c3da401fbd62cc2caa5b96d2 54fadb412c4e40cdbaed9335e4c35a9e - - -] 10.11.10.1 "GET /v2/54fadb412c4e40cdbaed9335e4c35a9e/servers/detail HTTP/1.1" status: 200 len: 1893 time: 0.4467819 nova-api.log.1.2017-05-16_13:53:08
2017-05-16 00:01:32.073 25746 INFO nova.osapi_compute.wsgi.server [req-bababf49-3a32-4c04-937b-14c494b95f3d 113d3a99c3da401fbd62cc2caa5b96d2 54fadb412c4e40cdbaed9335e4c35a9e - - -] 10.11.10.1 "GET /v2/54fadb412c4e40cdbaed9335e4c35a9e/servers/detail HTTP/1.1" status: 200 len: 1893 time: 0.2577350 nova-api.log.1.2017-05-16_13:53:08
2017-05-16 00:01:32.963 25743 INFO nova.api.openstack.compute.server_external_events [req-01451338-4c87-48c4-9dbc-a9831f8f6d41 f7b8d1f1d4d44643b07fa10ca7d021fb e9746973ac574c6b8a9e8857f56a7608 - - -] Creating event network-vif-plugged:d1ce4c5a-2811-41c3-8a5a-39f9e6defcb8 for instance b562ef10-ba2d-48ae-bf4a-18666cba4a51 nova-api.log.1.2017-05-16_13:53:08
2017-05-16 00:01:32.969 25743 INFO nova.osapi_compute.wsgi.server [req-01451338-4c87-48c4-9dbc-a9831f8f6d41 f7b8d1f1d4d44643b07fa10ca7d021fb e9746973ac574c6b8a9e8857f56a7608 - - -] 10.11.10.1 "POST /v2/e9746973ac574c6b8a9e8857f56a7608/os-server-external-events HTTP/1.1" status: 200 len: 380 time: 0.1043310 nova-compute.log.1.2017-05-16_13:55:31
2017-05-16 00:01:32.985 2931 INFO nova.compute.manager [req-3ea4052c-895d-4b64-9e2d-04d64c4d94ab - - - - -] [instance: b562ef10-ba2d-48ae-bf4a-18666cba4a51] VM Resumed (Lifecycle Event) nova-compute.log.1.2017-05-16_13:55:31
2017-05-16 00:01:32.992 2931 INFO nova.virt.libvirt.driver [-] [instance: b562ef10-ba2d-48ae-bf4a-18666cba4a51] Instance spawned successfully. nova-compute.log.1.2017-05-16_13:55:31
2017-05-16 00:01:32.992 2931 INFO nova.compute.manager [req-97fcea79-42f7-4241-9b9e-63fe193c1929 113d3a99c3da401fbd62cc2caa5b96d2 54fadb412c4e40cdbaed9335e4c35a9e - - -] [instance: b562ef10-ba2d-48ae-bf4a-18666cba4a51] Took 19.37 seconds to spawn the instance on the hypervisor. nova-compute.log.1.2017-05-16_13:55:31
2017-05-16 00:01:33.103 2931 INFO nova.compute.manager [req-3ea4052c-895d-4b64-9e2d-04d64c4d94ab - - - - -] [instance: b562ef10-ba2d-48ae-bf4a-18666cba4a51] During sync_power_state the instance has a pending task (spawning). Skip. nova-compute.log.1.2017-05-16_13:55:31
2017-05-16 00:01:33.105 2931 INFO nova.compute.manager [req-3ea4052c-895d-4b64-9e2d-04d64c4d94ab - - - - -] [instance: b562ef10-ba2d-48ae-bf4a-18666cba4a51] VM Resumed (Lifecycle Event) nova-compute.log.1.2017-05-16_13:55:31
2017-05-16 00:01:33.126 2931 INFO nova.compute.manager [req-97fcea79-42f7-4241-9b9e-63fe193c1929 113d3a99c3da401fbd62cc2caa5b96d2 54fadb412c4e40cdbaed9335e4c35a9e - - -] [instance: b562ef10-ba2d-48ae-bf4a-18666cba4a51] Took 20.14 seconds to build instance. nova-api.log.1.2017-05-16_13:53:08
2017-05-16 00:01:33.365 25746 INFO nova.osapi_compute.wsgi.server [req-8f929d23-bb12-4951-9b49-f8df8837aa5e 113d3a99c3da401fbd62cc2caa5b96d2 54fadb412c4e40cdbaed9335e4c35a9e - - -] 10.11.10.1 "GET /v2/54fadb412c4e40cdbaed9335e4c35a9e/servers/detail HTTP/1.1" status: 200 len: 1910 time: 0.2870619 nova-api.log.1.2017-05-16_13:53:08
2017-05-16 00:01:33.618 25746 INFO nova.osapi_compute.wsgi.server [req-05bac4af-55c4-4d90-bd9e-f782858bd4d1 113d3a99c3da401fbd62cc2caa5b96d2 54fadb412c4e40cdbaed9335e4c35a9e - - -] 10.11.10.1 "GET /v2/54fadb412c4e40cdbaed9335e4c35a9e/servers/detail HTTP/1.1" status: 200 len: 1910 time: 0.2505140 nova-compute.log.1.2017-05-16_13:55:31
2017-05-16 00:01:35.147 2931 INFO nova.virt.libvirt.imagecache [req-addc1839-2ed5-4778-b57e-5854eb7b8b09 - - - - -] image 0673dd71-34c5-4fbb-86c4-40623fbe45b4 at (/var/lib/nova/instances/_base/a489c868f0c37da93b76227c91bb03908ac0e742): checking nova-compute.log.1.2017-05-16_13:55:31
2017-05-16 00:01:35.148 2931 INFO nova.virt.libvirt.imagecache [req-addc1839-2ed5-4778-b57e-5854eb7b8b09 - - - - -] image 0673dd71-34c5-4fbb-86c4-40623fbe45b4 at (/var/lib/nova/instances/_base/a489c868f0c37da93b76227c91bb03908ac0e742): in use: on this node 1 local, 0 on other nodes sharing this instance storage nova-compute.log.1.2017-05-16_13:55:31
2017-05-16 00:01:35.325 2931 INFO nova.virt.libvirt.imagecache [req-addc1839-2ed5-4778-b57e-5854eb7b8b09 - - - - -] Active base files: /var/lib/nova/instances/_base/a489c868f0c37da93b76227c91bb03908ac0e742 nova-api.log.1.2017-05-16_13:53:08
2017-05-16 00:01:39.421 25775 INFO nova.metadata.wsgi.server [req-35ea282d-a35a-408a-b01f-a07c9d2957da - - - - -] 10.11.21.124,10.11.10.1 "GET /openstack/2012-08-10/meta_data.json HTTP/1.1" status: 200 len: 264 time: 0.2212229 nova-api.log.1.2017-05-16_13:53:08
2017-05-16 00:01:39.734 25799 INFO nova.metadata.wsgi.server [req-b6d4a270-accb-4c3a-8179-9611e52e1768 - - - - -] 10.11.21.124,10.11.10.1 "GET /openstack/2013-10-17 HTTP/1.1" status: 200 len: 157 time: 0.2249990 nova-api.log.1.2017-05-16_13:53:08
2017-05-16 00:01:39.821 25799 INFO nova.metadata.wsgi.server [-] 10.11.21.124,10.11.10.1 "GET /openstack/2013-10-17/vendor_data.json HTTP/1.1" status: 200 len: 124 time: 0.0006270 nova-api.log.1.2017-05-16_13:53:08
2017-05-16 00:01:39.835 25775 INFO nova.metadata.wsgi.server [-] 10.11.21.124,10.11.10.1 "GET /openstack/2013-10-17/vendor_data.json HTTP/1.1" status: 200 len: 124 time: 0.0007789 nova-api.log.1.2017-05-16_13:53:08
2017-05-16 00:01:39.847 25775 INFO nova.metadata.wsgi.server [-] 10.11.21.124,10.11.10.1 "GET /openstack/2013-10-17/user_data HTTP/1.1" status: 404 len: 176 time: 0.0010281 nova-api.log.1.2017-05-16_13:53:08
2017-05-16 00:01:39.885 25746 INFO nova.osapi_compute.wsgi.server [req-31d09752-6f82-4fc5-ac97-416b9c865af4 113d3a99c3da401fbd62cc2caa5b96d2 54fadb412c4e40cdbaed9335e4c35a9e - - -] 10.11.10.1 "DELETE /v2/54fadb412c4e40cdbaed9335e4c35a9e/servers/b562ef10-ba2d-48ae-bf4a-18666cba4a51 HTTP/1.1" status: 204 len: 203 time: 0.2582572 nova-compute.log.1.2017-05-16_13:55:31
2017-05-16 00:01:39.924 2931 INFO nova.compute.manager [req-31d09752-6f82-4fc5-ac97-416b9c865af4 113d3a99c3da401fbd62cc2caa5b96d2 54fadb412c4e40cdbaed9335e4c35a9e - - -] [instance: b562ef10-ba2d-48ae-bf4a-18666cba4a51] Terminating instance nova-api.log.1.2017-05-16_13:53:08
2017-05-16 00:01:40.090 25776 INFO nova.metadata.wsgi.server [req-04d59c69-59a1-47ec-8179-f86938f6da66 - - - - -] 10.11.21.124,10.11.10.1 "GET /openstack/2013-10-17/meta_data.json HTTP/1.1" status: 200 len: 967 time: 0.2326000 nova-compute.log.1.2017-05-16_13:55:31
2017-05-16 00:01:40.141 2931 INFO nova.virt.libvirt.driver [-] [instance: b562ef10-ba2d-48ae-bf4a-18666cba4a51] Instance destroyed successfully. nova-api.log.1.2017-05-16_13:53:08
2017-05-16 00:01:40.157 25746 INFO nova.osapi_compute.wsgi.server [req-96c3ec98-21a0-4af2-84a8-d4989512413e 113d3a99c3da401fbd62cc2caa5b96d2 54fadb412c4e40cdbaed9335e4c35a9e - - -] 10.11.10.1 "GET /v2/54fadb412c4e40cdbaed9335e4c35a9e/servers/detail HTTP/1.1" status: 200 len: 1916 time: 0.2677610 nova-compute.log.1.2017-05-16_13:55:31
2017-05-16 00:01:40.382 2931 INFO nova.virt.libvirt.imagecache [req-addc1839-2ed5-4778-b57e-5854eb7b8b09 - - - - -] image 0673dd71-34c5-4fbb-86c4-40623fbe45b4 at (/var/lib/nova/instances/_base/a489c868f0c37da93b76227c91bb03908ac0e742): checking nova-compute.log.1.2017-05-16_13:55:31
2017-05-16 00:01:40.383 2931 INFO nova.virt.libvirt.imagecache [req-addc1839-2ed5-4778-b57e-5854eb7b8b09 - - - - -] image 0673dd71-34c5-4fbb-86c4-40623fbe45b4 at (/var/lib/nova/instances/_base/a489c868f0c37da93b76227c91bb03908ac0e742): in use: on this node 1 local, 0 on other nodes sharing this instance storage nova-compute.log.1.2017-05-16_13:55:31
2017-05-16 00:01:40.597 2931 INFO nova.virt.libvirt.imagecache [req-addc1839-2ed5-4778-b57e-5854eb7b8b09 - - - - -] Active base files: /var/lib/nova/instances/_base/a489c868f0c37da93b76227c91bb03908ac0e742 nova-compute.log.1.2017-05-16_13:55:31
2017-05-16 00:01:40.859 2931 INFO nova.virt.libvirt.driver [req-31d09752-6f82-4fc5-ac97-416b9c865af4 113d3a99c3da401fbd62cc2caa5b96d2 54fadb412c4e40cdbaed9335e4c35a9e - - -] [instance: b562ef10-ba2d-48ae-bf4a-18666cba4a51] Deleting instance files /var/lib/nova/instances/b562ef10-ba2d-48ae-bf4a-18666cba4a51_del nova-compute.log.1.2017-05-16_13:55:31
2017-05-16 00:01:40.861 2931 INFO nova.virt.libvirt.driver [req-31d09752-6f82-4fc5-ac97-416b9c865af4 113d3a99c3da401fbd62cc2caa5b96d2 54fadb412c4e40cdbaed9335e4c35a9e - - -] [instance: b562ef10-ba2d-48ae-bf4a-18666cba4a51] Deletion of /var/lib/nova/instances/b562ef10-ba2d-48ae-bf4a-18666cba4a51_del complete nova-compute.log.1.2017-05-16_13:55:31
2017-05-16 00:01:40.979 2931 INFO nova.compute.manager [req-31d09752-6f82-4fc5-ac97-416b9c865af4 113d3a99c3da401fbd62cc2caa5b96d2 54fadb412c4e40cdbaed9335e4c35a9e - - -] [instance: b562ef10-ba2d-48ae-bf4a-18666cba4a51] Took 1.05 seconds to destroy the instance on the hypervisor. nova-api.log.1.2017-05-16_13:53:08
2017-05-16 00:01:41.372 25746 INFO nova.osapi_compute.wsgi.server [req-40c6c6d9-caf9-426e-b739-a5562aa4043a 113d3a99c3da401fbd62cc2caa5b96d2 54fadb412c4e40cdbaed9335e4c35a9e - - -] 10.11.10.1 "GET /v2/54fadb412c4e40cdbaed9335e4c35a9e/servers/detail HTTP/1.1" status: 200 len: 1874 time: 0.2106130 nova-compute.log.1.2017-05-16_13:55:31
2017-05-16 00:01:41.435 2931 INFO nova.compute.manager [req-31d09752-6f82-4fc5-ac97-416b9c865af4 113d3a99c3da401fbd62cc2caa5b96d2 54fadb412c4e40cdbaed9335e4c35a9e - - -] [instance: b562ef10-ba2d-48ae-bf4a-18666cba4a51] Took 0.45 seconds to deallocate network for instance. nova-api.log.1.2017-05-16_13:53:08
2017-05-16 00:01:42.476 25746 INFO nova.osapi_compute.wsgi.server [req-4cb2bae3-c745-454c-bdca-bd5f7c53340f 113d3a99c3da401fbd62cc2caa5b96d2 54fadb412c4e40cdbaed9335e4c35a9e - - -] 10.11.10.1 "GET /v2/54fadb412c4e40cdbaed9335e4c35a9e/servers/detail HTTP/1.1" status: 200 len: 211 time: 0.0977290 nova-api.log.1.2017-05-16_13:53:08
2017-05-16 00:01:43.495 25746 INFO nova.api.openstack.wsgi [req-a0893d5a-dc60-4c49-82e5-b9f7dfc2f6ab f7b8d1f1d4d44643b07fa10ca7d021fb e9746973ac574c6b8a9e8857f56a7608 - - -] HTTP exception thrown: No instances found for any event nova-api.log.1.2017-05-16_13:53:08
2017-05-16 00:01:43.497 25746 INFO nova.osapi_compute.wsgi.server [req-a0893d5a-dc60-4c49-82e5-b9f7dfc2f6ab f7b8d1f1d4d44643b07fa10ca7d021fb e9746973ac574c6b8a9e8857f56a7608 - - -] 10.11.10.1 "POST /v2/e9746973ac574c6b8a9e8857f56a7608/os-server-external-events HTTP/1.1" status: 404 len: 296 time: 0.1146111 nova-compute.log.1.2017-05-16_13:55:31
2017-05-16 00:01:45.116 2931 WARNING nova.virt.libvirt.imagecache [req-addc1839-2ed5-4778-b57e-5854eb7b8b09 - - - - -] Unknown base file: /var/lib/nova/instances/_base/a489c868f0c37da93b76227c91bb03908ac0e742 nova-compute.log.1.2017-05-16_13:55:31
2017-05-16 00:01:45.117 2931 INFO nova.virt.libvirt.imagecache [req-addc1839-2ed5-4778-b57e-5854eb7b8b09 - - - - -] Removable base files: /var/lib/nova/instances/_base/a489c868f0c37da93b76227c91bb03908ac0e742 nova-compute.log.1.2017-05-16_13:55:31
2017-05-16 00:01:45.119 2931 INFO nova.virt.libvirt.imagecache [req-addc1839-2ed5-4778-b57e-5854eb7b8b09 - - - - -] Base or swap file too young to remove: /var/lib/nova/instances/_base/a489c868f0c37da93b76227c91bb03908ac0e742 nova-compute.log.1.2017-05-16_13:55:31
2017-05-16 00:01:50.149 2931 WARNING nova.virt.libvirt.imagecache [req-addc1839-2ed5-4778-b57e-5854eb7b8b09 - - - - -] Unknown base file: /var/lib/nova/instances/_base/a489c868f0c37da93b76227c91bb03908ac0e742 nova-compute.log.1.2017-05-16_13:55:31
2017-05-16 00:01:50.150 2931 INFO nova.virt.libvirt.imagecache [req-addc1839-2ed5-4778-b57e-5854eb7b8b09 - - - - -] Removable base files: /var/lib/nova/instances/_base/a489c868f0c37da93b76227c91bb03908ac0e742 nova-compute.log.1.2017-05-16_13:55:31
2017-05-16 00:01:50.152 2931 INFO nova.virt.libvirt.imagecache [req-addc1839-2ed5-4778-b57e-5854eb7b8b09 - - - - -] Removing base or swap file: /var/lib/nova/instances/_base/a489c868f0c37da93b76227c91bb03908ac0e742 nova-api.log.1.2017-05-16_13:53:08
2017-05-16 00:01:52.949 25746 INFO nova.osapi_compute.wsgi.server [req-caeb3818-dab6-4e8d-9ea6-aceb23905ebc 113d3a99c3da401fbd62cc2caa5b96d2 54fadb412c4e40cdbaed9335e4c35a9e - - -] 10.11.10.1 "POST /v2/54fadb412c4e40cdbaed9335e4c35a9e/servers HTTP/1.1" status: 202 len: 733 time: 0.4586949 nova-api.log.1.2017-05-16_13:53:08
2017-05-16 00:01:53.157 25746 INFO nova.osapi_compute.wsgi.server [req-64dca5a6-dde8-45f1-9e76-e001afd2caa9 113d3a99c3da401fbd62cc2caa5b96d2 54fadb412c4e40cdbaed9335e4c35a9e - - -] 10.11.10.1 "GET /v2/54fadb412c4e40cdbaed9335e4c35a9e/servers/detail HTTP/1.1" status: 200 len: 1583 time: 0.2041020 nova-compute.log.1.2017-05-16_13:55:31
2017-05-16 00:01:53.256 2931 INFO nova.compute.claims [req-caeb3818-dab6-4e8d-9ea6-aceb23905ebc 113d3a99c3da401fbd62cc2caa5b96d2 54fadb412c4e40cdbaed9335e4c35a9e - - -] [instance: 78dc1847-8848-49cc-933e-9239b12c9dcf] Attempting claim: memory 2048 MB, disk 20 GB, vcpus 1 CPU nova-compute.log.1.2017-05-16_13:55:31
2017-05-16 00:01:53.257 2931 INFO nova.compute.claims [req-caeb3818-dab6-4e8d-9ea6-aceb23905ebc 113d3a99c3da401fbd62cc2caa5b96d2 54fadb412c4e40cdbaed9335e4c35a9e - - -] [instance: 78dc1847-8848-49cc-933e-9239b12c9dcf] Total memory: 64172 MB, used: 512.00 MB nova-compute.log.1.2017-05-16_13:55:31
2017-05-16 00:01:53.258 2931 INFO nova.compute.claims [req-caeb3818-dab6-4e8d-9ea6-aceb23905ebc 113d3a99c3da401fbd62cc2caa5b96d2 54fadb412c4e40cdbaed9335e4c35a9e - - -] [instance: 78dc1847-8848-49cc-933e-9239b12c9dcf] memory limit: 96258.00 MB, free: 95746.00 MB nova-compute.log.1.2017-05-16_13:55:31
2017-05-16 00:01:53.259 2931 INFO nova.compute.claims [req-caeb3818-dab6-4e8d-9ea6-aceb23905ebc 113d3a99c3da401fbd62cc2caa5b96d2 54fadb412c4e40cdbaed9335e4c35a9e - - -] [instance: 78dc1847-8848-49cc-933e-9239b12c9dcf] Total disk: 15 GB, used: 0.00 GB nova-compute.log.1.2017-05-16_13:55:31
2017-05-16 00:01:53.259 2931 INFO nova.compute.claims [req-caeb3818-dab6-4e8d-9ea6-aceb23905ebc 113d3a99c3da401fbd62cc2caa5b96d2 54fadb412c4e40cdbaed9335e4c35a9e - - -] [instance: 78dc1847-8848-49cc-933e-9239b12c9dcf] disk limit not specified, defaulting to unlimited nova-compute.log.1.2017-05-16_13:55:31
2017-05-16 00:01:53.260 2931 INFO nova.compute.claims [req-caeb3818-dab6-4e8d-9ea6-aceb23905ebc 113d3a99c3da401fbd62cc2caa5b96d2 54fadb412c4e40cdbaed9335e4c35a9e - - -] [instance: 78dc1847-8848-49cc-933e-9239b12c9dcf] Total vcpu: 16 VCPU, used: 0.00 VCPU nova-compute.log.1.2017-05-16_13:55:31
2017-05-16 00:01:53.261 2931 INFO nova.compute.claims [req-caeb3818-dab6-4e8d-9ea6-aceb23905ebc 113d3a99c3da401fbd62cc2caa5b96d2 54fadb412c4e40cdbaed9335e4c35a9e - - -] [instance: 78dc1847-8848-49cc-933e-9239b12c9dcf] vcpu limit not specified, defaulting to unlimited nova-compute.log.1.2017-05-16_13:55:31
2017-05-16 00:01:53.293 2931 INFO nova.compute.claims [req-caeb3818-dab6-4e8d-9ea6-aceb23905ebc 113d3a99c3da401fbd62cc2caa5b96d2 54fadb412c4e40cdbaed9335e4c35a9e - - -] [instance: 78dc1847-8848-49cc-933e-9239b12c9dcf] Claim successful nova-api.log.1.2017-05-16_13:53:08
2017-05-16 00:01:53.338 25746 INFO nova.osapi_compute.wsgi.server [req-de9d35cf-5e55-41c8-85ed-eae0a39f53f4 113d3a99c3da401fbd62cc2caa5b96d2 54fadb412c4e40cdbaed9335e4c35a9e - - -] 10.11.10.1 "GET /v2/54fadb412c4e40cdbaed9335e4c35a9e/servers/detail HTTP/1.1" status: 200 len: 1575 time: 0.1767941 nova-api.log.1.2017-05-16_13:53:08
2017-05-16 00:01:53.538 25746 INFO nova.osapi_compute.wsgi.server [req-323b974a-761f-4406-b306-b93e2bb5e478 113d3a99c3da401fbd62cc2caa5b96d2 54fadb412c4e40cdbaed9335e4c35a9e - - -] 10.11.10.1 "GET /v2/54fadb412c4e40cdbaed9335e4c35a9e/servers/78dc1847-8848-49cc-933e-9239b12c9dcf HTTP/1.1" status: 200 len: 1708 time: 0.1951439 nova-compute.log.1.2017-05-16_13:55:31
2017-05-16 00:01:53.893 2931 INFO nova.virt.libvirt.driver [req-caeb3818-dab6-4e8d-9ea6-aceb23905ebc 113d3a99c3da401fbd62cc2caa5b96d2 54fadb412c4e40cdbaed9335e4c35a9e - - -] [instance: 78dc1847-8848-49cc-933e-9239b12c9dcf] Creating image nova-api.log.1.2017-05-16_13:53:08
2017-05-16 00:01:54.818 25746 INFO nova.osapi_compute.wsgi.server [req-e7b18c45-b875-4590-b598-617401f382c3 113d3a99c3da401fbd62cc2caa5b96d2 54fadb412c4e40cdbaed9335e4c35a9e - - -] 10.11.10.1 "GET /v2/54fadb412c4e40cdbaed9335e4c35a9e/servers/detail HTTP/1.1" status: 200 len: 1759 time: 0.2754171 nova-api.log.1.2017-05-16_13:53:08
2017-05-16 00:01:55.100 25746 INFO nova.osapi_compute.wsgi.server [req-93ebec7f-31c0-4efe-bd3c-b139f832b447 113d3a99c3da401fbd62cc2caa5b96d2 54fadb412c4e40cdbaed9335e4c35a9e - - -] 10.11.10.1 "GET /v2/54fadb412c4e40cdbaed9335e4c35a9e/servers/detail HTTP/1.1" status: 200 len: 1759 time: 0.2773421 nova-compute.log.1.2017-05-16_13:55:31
2017-05-16 00:01:55.266 2931 INFO nova.compute.manager [-] [instance: b562ef10-ba2d-48ae-bf4a-18666cba4a51] VM Stopped (Lifecycle Event) nova-api.log.1.2017-05-16_13:53:08
2017-05-16 00:01:56.385 25746 INFO nova.osapi_compute.wsgi.server [req-cd862c89-18a0-4954-a1a0-f3f26df71d39 113d3a99c3da401fbd62cc2caa5b96d2 54fadb412c4e40cdbaed9335e4c35a9e - - -] 10.11.10.1 "GET /v2/54fadb412c4e40cdbaed9335e4c35a9e/servers/detail HTTP/1.1" status: 200 len: 1893 time: 0.2794621 nova-api.log.1.2017-05-16_13:53:08
2017-05-16 00:01:56.636 25746 INFO nova.osapi_compute.wsgi.server [req-ddab777b-9479-4ebb-b0a0-459ea7fd50b7 113d3a99c3da401fbd62cc2caa5b96d2 54fadb412c4e40cdbaed9335e4c35a9e - - -] 10.11.10.1 "GET /v2/54fadb412c4e40cdbaed9335e4c35a9e/servers/detail HTTP/1.1" status: 200 len: 1893 time: 0.2469411 nova-api.log.1.2017-05-16_13:53:08
2017-05-16 00:01:57.910 25746 INFO nova.osapi_compute.wsgi.server [req-09b59776-544a-4963-b0ae-b19efe78d211 113d3a99c3da401fbd62cc2caa5b96d2 54fadb412c4e40cdbaed9335e4c35a9e - - -] 10.11.10.1 "GET /v2/54fadb412c4e40cdbaed9335e4c35a9e/servers/detail HTTP/1.1" status: 200 len: 1893 time: 0.2686541 nova-api.log.1.2017-05-16_13:53:08
2017-05-16 00:01:58.172 25746 INFO nova.osapi_compute.wsgi.server [req-1a086eaf-4641-48d5-bcd7-32c91302df8f 113d3a99c3da401fbd62cc2caa5b96d2 54fadb412c4e40cdbaed9335e4c35a9e - - -] 10.11.10.1 "GET /v2/54fadb412c4e40cdbaed9335e4c35a9e/servers/detail HTTP/1.1" status: 200 len: 1893 time: 0.2569268 nova-api.log.1.2017-05-16_13:53:08
2017-05-16 00:01:59.428 25746 INFO nova.osapi_compute.wsgi.server [req-87fb3150-d67d-4752-9f09-376914ef72ec 113d3a99c3da401fbd62cc2caa5b96d2 54fadb412c4e40cdbaed9335e4c35a9e - - -] 10.11.10.1 "GET /v2/54fadb412c4e40cdbaed9335e4c35a9e/servers/detail HTTP/1.1" status: 200 len: 1893 time: 0.2497211 nova-api.log.1.2017-05-16_13:53:08
2017-05-16 00:01:59.664 25746 INFO nova.osapi_compute.wsgi.server [req-e584ef57-6eeb-4444-bd9a-e1bf5ea3149b 113d3a99c3da401fbd62cc2caa5b96d2 54fadb412c4e40cdbaed9335e4c35a9e - - -] 10.11.10.1 "GET /v2/54fadb412c4e40cdbaed9335e4c35a9e/servers/detail HTTP/1.1" status: 200 len: 1893 time: 0.2322080 nova-api.log.1.2017-05-16_13:53:08
2017-05-16 00:02:00.935 25746 INFO nova.osapi_compute.wsgi.server [req-bce85102-ddb3-4323-aa2f-073373c4af50 113d3a99c3da401fbd62cc2caa5b96d2 54fadb412c4e40cdbaed9335e4c35a9e - - -] 10.11.10.1 "GET /v2/54fadb412c4e40cdbaed9335e4c35a9e/servers/detail HTTP/1.1" status: 200 len: 1893 time: 0.2648559 nova-api.log.1.2017-05-16_13:53:08
2017-05-16 00:02:01.197 25746 INFO nova.osapi_compute.wsgi.server [req-45d4275d-2214-4159-b61e-168da60fc29d 113d3a99c3da401fbd62cc2caa5b96d2 54fadb412c4e40cdbaed9335e4c35a9e - - -] 10.11.10.1 "GET /v2/54fadb412c4e40cdbaed9335e4c35a9e/servers/detail HTTP/1.1" status: 200 len: 1893 time: 0.2567871 nova-api.log.1.2017-05-16_13:53:08
2017-05-16 00:02:02.464 25746 INFO nova.osapi_compute.wsgi.server [req-5ef90541-0ddc-426b-a12a-3ca3cb0b9b81 113d3a99c3da401fbd62cc2caa5b96d2 54fadb412c4e40cdbaed9335e4c35a9e - - -] 10.11.10.1 "GET /v2/54fadb412c4e40cdbaed9335e4c35a9e/servers/detail HTTP/1.1" status: 200 len: 1893 time: 0.2612560 nova-api.log.1.2017-05-16_13:53:08
2017-05-16 00:02:02.726 25746 INFO nova.osapi_compute.wsgi.server [req-f7783f57-038a-4d59-af27-9c554d8fd072 113d3a99c3da401fbd62cc2caa5b96d2 54fadb412c4e40cdbaed9335e4c35a9e - - -] 10.11.10.1 "GET /v2/54fadb412c4e40cdbaed9335e4c35a9e/servers/detail HTTP/1.1" status: 200 len: 1893 time: 0.2585540 nova-api.log.1.2017-05-16_13:53:08
2017-05-16 00:02:03.997 25746 INFO nova.osapi_compute.wsgi.server [req-ee142be0-90ed-45f1-a82c-1f2097469a7c 113d3a99c3da401fbd62cc2caa5b96d2 54fadb412c4e40cdbaed9335e4c35a9e - - -] 10.11.10.1 "GET /v2/54fadb412c4e40cdbaed9335e4c35a9e/servers/detail HTTP/1.1" status: 200 len: 1893 time: 0.2649550 nova-api.log.1.2017-05-16_13:53:08
2017-05-16 00:02:04.277 25746 INFO nova.osapi_compute.wsgi.server [req-d4353962-c926-4d9c-87ea-4cc0834b395a 113d3a99c3da401fbd62cc2caa5b96d2 54fadb412c4e40cdbaed9335e4c35a9e - - -] 10.11.10.1 "GET /v2/54fadb412c4e40cdbaed9335e4c35a9e/servers/detail HTTP/1.1" status: 200 len: 1893 time: 0.2747011 nova-compute.log.1.2017-05-16_13:55:31
2017-05-16 00:02:05.159 2931 INFO nova.virt.libvirt.imagecache [req-addc1839-2ed5-4778-b57e-5854eb7b8b09 - - - - -] image 0673dd71-34c5-4fbb-86c4-40623fbe45b4 at (/var/lib/nova/instances/_base/a489c868f0c37da93b76227c91bb03908ac0e742): checking nova-compute.log.1.2017-05-16_13:55:31
2017-05-16 00:02:05.160 2931 INFO nova.virt.libvirt.imagecache [req-addc1839-2ed5-4778-b57e-5854eb7b8b09 - - - - -] image 0673dd71-34c5-4fbb-86c4-40623fbe45b4 at (/var/lib/nova/instances/_base/a489c868f0c37da93b76227c91bb03908ac0e742): in use: on this node 1 local, 0 on other nodes sharing this instance storage nova-compute.log.1.2017-05-16_13:55:31
2017-05-16 00:02:05.358 2931 INFO nova.virt.libvirt.imagecache [req-addc1839-2ed5-4778-b57e-5854eb7b8b09 - - - - -] Active base files: /var/lib/nova/instances/_base/a489c868f0c37da93b76227c91bb03908ac0e742 nova-api.log.1.2017-05-16_13:53:08
2017-05-16 00:02:05.653 25746 INFO nova.osapi_compute.wsgi.server [req-77d6ad13-1155-4342-a655-eca5f333bf88 113d3a99c3da401fbd62cc2caa5b96d2 54fadb412c4e40cdbaed9335e4c35a9e - - -] 10.11.10.1 "GET /v2/54fadb412c4e40cdbaed9335e4c35a9e/servers/detail HTTP/1.1" status: 200 len: 1893 time: 0.3706589 nova-api.log.1.2017-05-16_13:53:08
2017-05-16 00:02:05.920 25746 INFO nova.osapi_compute.wsgi.server [req-91f43d98-99af-4c3c-ae42-753ae149ae99 113d3a99c3da401fbd62cc2caa5b96d2 54fadb412c4e40cdbaed9335e4c35a9e - - -] 10.11.10.1 "GET /v2/54fadb412c4e40cdbaed9335e4c35a9e/servers/detail HTTP/1.1" status: 200 len: 1893 time: 0.2630000 nova-api.log.1.2017-05-16_13:53:08
2017-05-16 00:02:07.196 25746 INFO nova.osapi_compute.wsgi.server [req-f75f4c92-16e4-4a6c-9ab5-fc2155379490 113d3a99c3da401fbd62cc2caa5b96d2 54fadb412c4e40cdbaed9335e4c35a9e - - -] 10.11.10.1 "GET /v2/54fadb412c4e40cdbaed9335e4c35a9e/servers/detail HTTP/1.1" status: 200 len: 1893 time: 0.2694011 nova-compute.log.1.2017-05-16_13:55:31
2017-05-16 00:02:07.339 2931 INFO nova.compute.manager [req-3ea4052c-895d-4b64-9e2d-04d64c4d94ab - - - - -] [instance: 78dc1847-8848-49cc-933e-9239b12c9dcf] VM Started (Lifecycle Event) nova-compute.log.1.2017-05-16_13:55:31
2017-05-16 00:02:07.403 2931 INFO nova.compute.manager [req-3ea4052c-895d-4b64-9e2d-04d64c4d94ab - - - - -] [instance: 78dc1847-8848-49cc-933e-9239b12c9dcf] VM Paused (Lifecycle Event) nova-api.log.1.2017-05-16_13:53:08
2017-05-16 00:02:07.471 25746 INFO nova.osapi_compute.wsgi.server [req-55ebb1b1-6e88-44d5-be79-fe8b37e64ecf 113d3a99c3da401fbd62cc2caa5b96d2 54fadb412c4e40cdbaed9335e4c35a9e - - -] 10.11.10.1 "GET /v2/54fadb412c4e40cdbaed9335e4c35a9e/servers/detail HTTP/1.1" status: 200 len: 1893 time: 0.2707460 nova-compute.log.1.2017-05-16_13:55:31
2017-05-16 00:02:07.518 2931 INFO nova.compute.manager [req-3ea4052c-895d-4b64-9e2d-04d64c4d94ab - - - - -] [instance: 78dc1847-8848-49cc-933e-9239b12c9dcf] During sync_power_state the instance has a pending task (spawning). Skip. nova-api.log.1.2017-05-16_13:53:08
2017-05-16 00:02:08.740 25746 INFO nova.osapi_compute.wsgi.server [req-b4692194-e82b-4c3b-9f95-afd1bcb5d768 113d3a99c3da401fbd62cc2caa5b96d2 54fadb412c4e40cdbaed9335e4c35a9e - - -] 10.11.10.1 "GET /v2/54fadb412c4e40cdbaed9335e4c35a9e/servers/detail HTTP/1.1" status: 200 len: 1893 time: 0.2636631 nova-api.log.1.2017-05-16_13:53:08
2017-05-16 00:02:09.012 25746 INFO nova.osapi_compute.wsgi.server [req-44701b65-e05c-4855-8fd1-ffb90c9b978e 113d3a99c3da401fbd62cc2caa5b96d2 54fadb412c4e40cdbaed9335e4c35a9e - - -] 10.11.10.1 "GET /v2/54fadb412c4e40cdbaed9335e4c35a9e/servers/detail HTTP/1.1" status: 200 len: 1893 time: 0.2675440 nova-api.log.1.2017-05-16_13:53:08
2017-05-16 00:02:10.284 25746 INFO nova.osapi_compute.wsgi.server [req-91380ad7-eb23-433c-aba8-4bd0747e1c66 113d3a99c3da401fbd62cc2caa5b96d2 54fadb412c4e40cdbaed9335e4c35a9e - - -] 10.11.10.1 "GET /v2/54fadb412c4e40cdbaed9335e4c35a9e/servers/detail HTTP/1.1" status: 200 len: 1893 time: 0.2670941 nova-compute.log.1.2017-05-16_13:55:31
2017-05-16 00:02:10.413 2931 INFO nova.virt.libvirt.imagecache [req-addc1839-2ed5-4778-b57e-5854eb7b8b09 - - - - -] image 0673dd71-34c5-4fbb-86c4-40623fbe45b4 at (/var/lib/nova/instances/_base/a489c868f0c37da93b76227c91bb03908ac0e742): checking nova-compute.log.1.2017-05-16_13:55:31
2017-05-16 00:02:10.414 2931 INFO nova.virt.libvirt.imagecache [req-addc1839-2ed5-4778-b57e-5854eb7b8b09 - - - - -] image 0673dd71-34c5-4fbb-86c4-40623fbe45b4 at (/var/lib/nova/instances/_base/a489c868f0c37da93b76227c91bb03908ac0e742): in use: on this node 1 local, 0 on other nodes sharing this instance storage nova-compute.log.1.2017-05-16_13:55:31
2017-05-16 00:02:10.601 2931 INFO nova.virt.libvirt.imagecache [req-addc1839-2ed5-4778-b57e-5854eb7b8b09 - - - - -] Active base files: /var/lib/nova/instances/_base/a489c868f0c37da93b76227c91bb03908ac0e742 nova-api.log.1.2017-05-16_13:53:08
2017-05-16 00:02:10.715 25746 INFO nova.osapi_compute.wsgi.server [req-a6d2fe15-c840-4b5f-b058-88ee45b5a7fe 113d3a99c3da401fbd62cc2caa5b96d2 54fadb412c4e40cdbaed9335e4c35a9e - - -] 10.11.10.1 "GET /v2/54fadb412c4e40cdbaed9335e4c35a9e/servers/detail HTTP/1.1" status: 200 len: 1893 time: 0.4255710 nova-api.log.1.2017-05-16_13:53:08
2017-05-16 00:02:11.992 25746 INFO nova.osapi_compute.wsgi.server [req-3cea2065-89b0-4f75-ad1a-338464ef9cd3 113d3a99c3da401fbd62cc2caa5b96d2 54fadb412c4e40cdbaed9335e4c35a9e - - -] 10.11.10.1 "GET /v2/54fadb412c4e40cdbaed9335e4c35a9e/servers/detail HTTP/1.1" status: 200 len: 1893 time: 0.2708280 nova-api.log.1.2017-05-16_13:53:08
2017-05-16 00:02:12.275 25746 INFO nova.osapi_compute.wsgi.server [req-deb9d948-8712-41cb-b575-9d67db2bfc62 113d3a99c3da401fbd62cc2caa5b96d2 54fadb412c4e40cdbaed9335e4c35a9e - - -] 10.11.10.1 "GET /v2/54fadb412c4e40cdbaed9335e4c35a9e/servers/detail HTTP/1.1" status: 200 len: 1893 time: 0.2789159 nova-api.log.1.2017-05-16_13:53:08
2017-05-16 00:02:13.540 25746 INFO nova.osapi_compute.wsgi.server [req-23ece7f9-4204-4654-a696-11f5ecfb3f17 113d3a99c3da401fbd62cc2caa5b96d2 54fadb412c4e40cdbaed9335e4c35a9e - - -] 10.11.10.1 "GET /v2/54fadb412c4e40cdbaed9335e4c35a9e/servers/detail HTTP/1.1" status: 200 len: 1893 time: 0.2591121 nova-api.log.1.2017-05-16_13:53:08
2017-05-16 00:02:13.815 25746 INFO nova.osapi_compute.wsgi.server [req-1271f5ec-7a4e-4176-b507-2fc69a6142c9 113d3a99c3da401fbd62cc2caa5b96d2 54fadb412c4e40cdbaed9335e4c35a9e - - -] 10.11.10.1 "GET /v2/54fadb412c4e40cdbaed9335e4c35a9e/servers/detail HTTP/1.1" status: 200 len: 1893 time: 0.2703741 nova-compute.log.1.2017-05-16_13:55:31
2017-05-16 00:02:14.170 2931 INFO nova.compute.resource_tracker [req-addc1839-2ed5-4778-b57e-5854eb7b8b09 - - - - -] Auditing locally available compute resources for node cp-1.slowvm1.tcloud-pg0.utah.cloudlab.us nova-api.log.1.2017-05-16_13:53:08
2017-05-16 00:02:14.310 25743 INFO nova.api.openstack.compute.server_external_events [req-74354c38-3eb0-4bde-a63d-5a53b008030c f7b8d1f1d4d44643b07fa10ca7d021fb e9746973ac574c6b8a9e8857f56a7608 - - -] Creating event network-vif-plugged:b26c4935-6377-4e96-9ba1-ec6985d42d5d for instance 78dc1847-8848-49cc-933e-9239b12c9dcf nova-api.log.1.2017-05-16_13:53:08
2017-05-16 00:02:14.315 25743 INFO nova.osapi_compute.wsgi.server [req-74354c38-3eb0-4bde-a63d-5a53b008030c f7b8d1f1d4d44643b07fa10ca7d021fb e9746973ac574c6b8a9e8857f56a7608 - - -] 10.11.10.1 "POST /v2/e9746973ac574c6b8a9e8857f56a7608/os-server-external-events HTTP/1.1" status: 200 len: 380 time: 0.0921431 nova-compute.log.1.2017-05-16_13:55:31
2017-05-16 00:02:14.351 2931 INFO nova.compute.manager [req-3ea4052c-895d-4b64-9e2d-04d64c4d94ab - - - - -] [instance: 78dc1847-8848-49cc-933e-9239b12c9dcf] VM Resumed (Lifecycle Event) nova-compute.log.1.2017-05-16_13:55:31
2017-05-16 00:02:14.362 2931 INFO nova.virt.libvirt.driver [-] [instance: 78dc1847-8848-49cc-933e-9239b12c9dcf] Instance spawned successfully. nova-compute.log.1.2017-05-16_13:55:31
2017-05-16 00:02:14.362 2931 INFO nova.compute.manager [req-caeb3818-dab6-4e8d-9ea6-aceb23905ebc 113d3a99c3da401fbd62cc2caa5b96d2 54fadb412c4e40cdbaed9335e4c35a9e - - -] [instance: 78dc1847-8848-49cc-933e-9239b12c9dcf] Took 20.47 seconds to spawn the instance on the hypervisor. nova-compute.log.1.2017-05-16_13:55:31
2017-05-16 00:02:14.476 2931 INFO nova.compute.manager [req-3ea4052c-895d-4b64-9e2d-04d64c4d94ab - - - - -] [instance: 78dc1847-8848-49cc-933e-9239b12c9dcf] During sync_power_state the instance has a pending task (spawning). Skip. nova-compute.log.1.2017-05-16_13:55:31
2017-05-16 00:02:14.477 2931 INFO nova.compute.manager [req-3ea4052c-895d-4b64-9e2d-04d64c4d94ab - - - - -] [instance: 78dc1847-8848-49cc-933e-9239b12c9dcf] VM Resumed (Lifecycle Event) nova-compute.log.1.2017-05-16_13:55:31
2017-05-16 00:02:14.496 2931 INFO nova.compute.manager [req-caeb3818-dab6-4e8d-9ea6-aceb23905ebc 113d3a99c3da401fbd62cc2caa5b96d2 54fadb412c4e40cdbaed9335e4c35a9e - - -] [instance: 78dc1847-8848-49cc-933e-9239b12c9dcf] Took 21.25 seconds to build instance. nova-compute.log.1.2017-05-16_13:55:31
2017-05-16 00:02:14.720 2931 INFO nova.compute.resource_tracker [req-addc1839-2ed5-4778-b57e-5854eb7b8b09 - - - - -] Total usable vcpus: 16, total allocated vcpus: 1 nova-compute.log.1.2017-05-16_13:55:31
2017-05-16 00:02:14.720 2931 INFO nova.compute.resource_tracker [req-addc1839-2ed5-4778-b57e-5854eb7b8b09 - - - - -] Final resource view: name=cp-1.slowvm1.tcloud-pg0.utah.cloudlab.us phys_ram=64172MB used_ram=2560MB phys_disk=15GB used_disk=20GB total_vcpus=16 used_vcpus=1 pci_stats=[] nova-compute.log.1.2017-05-16_13:55:31
2017-05-16 00:02:14.775 2931 INFO nova.compute.resource_tracker [req-addc1839-2ed5-4778-b57e-5854eb7b8b09 - - - - -] Compute_service record updated for cp-1.slowvm1.tcloud-pg0.utah.cloudlab.us:cp-1.slowvm1.tcloud-pg0.utah.cloudlab.us nova-api.log.1.2017-05-16_13:53:08
2017-05-16 00:02:15.095 25746 INFO nova.osapi_compute.wsgi.server [req-c55c1814-b208-4043-9018-b4f8851ac580 113d3a99c3da401fbd62cc2caa5b96d2 54fadb412c4e40cdbaed9335e4c35a9e - - -] 10.11.10.1 "GET /v2/54fadb412c4e40cdbaed9335e4c35a9e/servers/detail HTTP/1.1" status: 200 len: 1910 time: 0.2735250 nova-compute.log.1.2017-05-16_13:55:31
2017-05-16 00:02:15.138 2931 INFO nova.virt.libvirt.imagecache [req-addc1839-2ed5-4778-b57e-5854eb7b8b09 - - - - -] image 0673dd71-34c5-4fbb-86c4-40623fbe45b4 at (/var/lib/nova/instances/_base/a489c868f0c37da93b76227c91bb03908ac0e742): checking nova-compute.log.1.2017-05-16_13:55:31
2017-05-16 00:02:15.139 2931 INFO nova.virt.libvirt.imagecache [req-addc1839-2ed5-4778-b57e-5854eb7b8b09 - - - - -] image 0673dd71-34c5-4fbb-86c4-40623fbe45b4 at (/var/lib/nova/instances/_base/a489c868f0c37da93b76227c91bb03908ac0e742): in use: on this node 1 local, 0 on other nodes sharing this instance storage nova-compute.log.1.2017-05-16_13:55:31
2017-05-16 00:02:15.307 2931 INFO nova.virt.libvirt.imagecache [req-addc1839-2ed5-4778-b57e-5854eb7b8b09 - - - - -] Active base files: /var/lib/nova/instances/_base/a489c868f0c37da93b76227c91bb03908ac0e742 nova-api.log.1.2017-05-16_13:53:08
2017-05-16 00:02:15.358 25746 INFO nova.osapi_compute.wsgi.server [req-9d2c1d24-f157-464f-aa8c-17ebcdaac12b 113d3a99c3da401fbd62cc2caa5b96d2 54fadb412c4e40cdbaed9335e4c35a9e - - -] 10.11.10.1 "GET /v2/54fadb412c4e40cdbaed9335e4c35a9e/servers/detail HTTP/1.1" status: 200 len: 1910 time: 0.2577691 nova-compute.log.1.2017-05-16_13:55:31
2017-05-16 00:02:20.366 2931 INFO nova.virt.libvirt.imagecache [req-addc1839-2ed5-4778-b57e-5854eb7b8b09 - - - - -] image 0673dd71-34c5-4fbb-86c4-40623fbe45b4 at (/var/lib/nova/instances/_base/a489c868f0c37da93b76227c91bb03908ac0e742): checking nova-compute.log.1.2017-05-16_13:55:31
2017-05-16 00:02:20.367 2931 INFO nova.virt.libvirt.imagecache [req-addc1839-2ed5-4778-b57e-5854eb7b8b09 - - - - -] image 0673dd71-34c5-4fbb-86c4-40623fbe45b4 at (/var/lib/nova/instances/_base/a489c868f0c37da93b76227c91bb03908ac0e742): in use: on this node 1 local, 0 on other nodes sharing this instance storage nova-compute.log.1.2017-05-16_13:55:31
2017-05-16 00:02:20.549 2931 INFO nova.virt.libvirt.imagecache [req-addc1839-2ed5-4778-b57e-5854eb7b8b09 - - - - -] Active base files: /var/lib/nova/instances/_base/a489c868f0c37da93b76227c91bb03908ac0e742 nova-api.log.1.2017-05-16_13:53:08
2017-05-16 00:02:20.779 25788 INFO nova.metadata.wsgi.server [req-60baf898-c32b-4e88-916e-2bf4c115fa33 - - - - -] 10.11.21.125,10.11.10.1 "GET /openstack/2012-08-10/meta_data.json HTTP/1.1" status: 200 len: 264 time: 0.2202821 nova-api.log.1.2017-05-16_13:53:08
2017-05-16 00:02:21.082 25793 INFO nova.metadata.wsgi.server [req-1f64aad7-bba8-415a-8664-7c6d747c60e4 - - - - -] 10.11.21.125,10.11.10.1 "GET /openstack/2013-10-17 HTTP/1.1" status: 200 len: 157 time: 0.2119691 nova-api.log.1.2017-05-16_13:53:08
2017-05-16 00:02:21.327 25791 INFO nova.metadata.wsgi.server [req-e420b0c2-4377-47db-85dc-dec44f304472 - - - - -] 10.11.21.125,10.11.10.1 "GET /openstack/2013-10-17/vendor_data.json HTTP/1.1" status: 200 len: 124 time: 0.2296579 nova-api.log.1.2017-05-16_13:53:08
2017-05-16 00:02:21.625 25746 INFO nova.osapi_compute.wsgi.server [req-06631678-1e19-4e4e-bddf-a588d8ea6217 113d3a99c3da401fbd62cc2caa5b96d2 54fadb412c4e40cdbaed9335e4c35a9e - - -] 10.11.10.1 "DELETE /v2/54fadb412c4e40cdbaed9335e4c35a9e/servers/78dc1847-8848-49cc-933e-9239b12c9dcf HTTP/1.1" status: 204 len: 203 time: 0.2560370 nova-compute.log.1.2017-05-16_13:55:31
2017-05-16 00:02:21.664 2931 INFO nova.compute.manager [req-06631678-1e19-4e4e-bddf-a588d8ea6217 113d3a99c3da401fbd62cc2caa5b96d2 54fadb412c4e40cdbaed9335e4c35a9e - - -] [instance: 78dc1847-8848-49cc-933e-9239b12c9dcf] Terminating instance nova-api.log.1.2017-05-16_13:53:08
2017-05-16 00:02:21.763 25776 INFO nova.metadata.wsgi.server [req-f642cadd-7508-4db5-a059-07998751face - - - - -] 10.11.21.125,10.11.10.1 "GET /openstack/2013-10-17/vendor_data.json HTTP/1.1" status: 200 len: 124 time: 0.2418430 nova-compute.log.1.2017-05-16_13:55:31
2017-05-16 00:02:21.879 2931 INFO nova.virt.libvirt.driver [-] [instance: 78dc1847-8848-49cc-933e-9239b12c9dcf] Instance destroyed successfully. nova-api.log.1.2017-05-16_13:53:08
2017-05-16 00:02:21.913 25746 INFO nova.osapi_compute.wsgi.server [req-136a1713-e90c-489c-b626-cabb0f68302a 113d3a99c3da401fbd62cc2caa5b96d2 54fadb412c4e40cdbaed9335e4c35a9e - - -] 10.11.10.1 "GET /v2/54fadb412c4e40cdbaed9335e4c35a9e/servers/detail HTTP/1.1" status: 200 len: 1916 time: 0.2837551 nova-compute.log.1.2017-05-16_13:55:31
2017-05-16 00:02:22.569 2931 INFO nova.virt.libvirt.driver [req-06631678-1e19-4e4e-bddf-a588d8ea6217 113d3a99c3da401fbd62cc2caa5b96d2 54fadb412c4e40cdbaed9335e4c35a9e - - -] [instance: 78dc1847-8848-49cc-933e-9239b12c9dcf] Deleting instance files /var/lib/nova/instances/78dc1847-8848-49cc-933e-9239b12c9dcf_del nova-compute.log.1.2017-05-16_13:55:31
2017-05-16 00:02:22.571 2931 INFO nova.virt.libvirt.driver [req-06631678-1e19-4e4e-bddf-a588d8ea6217 113d3a99c3da401fbd62cc2caa5b96d2 54fadb412c4e40cdbaed9335e4c35a9e - - -] [instance: 78dc1847-8848-49cc-933e-9239b12c9dcf] Deletion of /var/lib/nova/instances/78dc1847-8848-49cc-933e-9239b12c9dcf_del complete nova-compute.log.1.2017-05-16_13:55:31
2017-05-16 00:02:22.693 2931 INFO nova.compute.manager [req-06631678-1e19-4e4e-bddf-a588d8ea6217 113d3a99c3da401fbd62cc2caa5b96d2 54fadb412c4e40cdbaed9335e4c35a9e - - -] [instance: 78dc1847-8848-49cc-933e-9239b12c9dcf] Took 1.02 seconds to destroy the instance on the hypervisor. nova-api.log.1.2017-05-16_13:53:08
2017-05-16 00:02:23.131 25746 INFO nova.osapi_compute.wsgi.server [req-f0bffbc3-5ab0-4916-91c1-0a61dd7d4ec2 113d3a99c3da401fbd62cc2caa5b96d2 54fadb412c4e40cdbaed9335e4c35a9e - - -] 10.11.10.1 "GET /v2/54fadb412c4e40cdbaed9335e4c35a9e/servers/detail HTTP/1.1" status: 200 len: 1874 time: 0.2131531 nova-compute.log.1.2017-05-16_13:55:31
2017-05-16 00:02:23.171 2931 INFO nova.compute.manager [req-06631678-1e19-4e4e-bddf-a588d8ea6217 113d3a99c3da401fbd62cc2caa5b96d2 54fadb412c4e40cdbaed9335e4c35a9e - - -] [instance: 78dc1847-8848-49cc-933e-9239b12c9dcf] Took 0.48 seconds to deallocate network for instance. nova-api.log.1.2017-05-16_13:53:08
2017-05-16 00:02:24.244 25746 INFO nova.osapi_compute.wsgi.server [req-16984fba-a60d-4234-9a5c-2f5f9bb45081 113d3a99c3da401fbd62cc2caa5b96d2 54fadb412c4e40cdbaed9335e4c35a9e - - -] 10.11.10.1 "GET /v2/54fadb412c4e40cdbaed9335e4c35a9e/servers/detail HTTP/1.1" status: 200 len: 211 time: 0.1063731 nova-compute.log.1.2017-05-16_13:55:31
2017-05-16 00:02:25.118 2931 WARNING nova.virt.libvirt.imagecache [req-addc1839-2ed5-4778-b57e-5854eb7b8b09 - - - - -] Unknown base file: /var/lib/nova/instances/_base/a489c868f0c37da93b76227c91bb03908ac0e742 nova-compute.log.1.2017-05-16_13:55:31
2017-05-16 00:02:25.119 2931 INFO nova.virt.libvirt.imagecache [req-addc1839-2ed5-4778-b57e-5854eb7b8b09 - - - - -] Removable base files: /var/lib/nova/instances/_base/a489c868f0c37da93b76227c91bb03908ac0e742 nova-compute.log.1.2017-05-16_13:55:31
2017-05-16 00:02:25.120 2931 INFO nova.virt.libvirt.imagecache [req-addc1839-2ed5-4778-b57e-5854eb7b8b09 - - - - -] Base or swap file too young to remove: /var/lib/nova/instances/_base/a489c868f0c37da93b76227c91bb03908ac0e742 nova-api.log.1.2017-05-16_13:53:08
2017-05-16 00:02:25.212 25746 INFO nova.api.openstack.wsgi [req-3fa8a45e-031e-4f3b-b327-b9cd4210f3ba f7b8d1f1d4d44643b07fa10ca7d021fb e9746973ac574c6b8a9e8857f56a7608 - - -] HTTP exception thrown: No instances found for any event nova-api.log.1.2017-05-16_13:53:08
2017-05-16 00:02:25.214 25746 INFO nova.osapi_compute.wsgi.server [req-3fa8a45e-031e-4f3b-b327-b9cd4210f3ba f7b8d1f1d4d44643b07fa10ca7d021fb e9746973ac574c6b8a9e8857f56a7608 - - -] 10.11.10.1 "POST /v2/e9746973ac574c6b8a9e8857f56a7608/os-server-external-events HTTP/1.1" status: 404 len: 296 time: 0.1029620 nova-compute.log.1.2017-05-16_13:55:31
2017-05-16 00:02:30.114 2931 WARNING nova.virt.libvirt.imagecache [req-addc1839-2ed5-4778-b57e-5854eb7b8b09 - - - - -] Unknown base file: /var/lib/nova/instances/_base/a489c868f0c37da93b76227c91bb03908ac0e742 nova-compute.log.1.2017-05-16_13:55:31
2017-05-16 00:02:30.115 2931 INFO nova.virt.libvirt.imagecache [req-addc1839-2ed5-4778-b57e-5854eb7b8b09 - - - - -] Removable base files: /var/lib/nova/instances/_base/a489c868f0c37da93b76227c91bb03908ac0e742 nova-compute.log.1.2017-05-16_13:55:31
2017-05-16 00:02:30.118 2931 INFO nova.virt.libvirt.imagecache [req-addc1839-2ed5-4778-b57e-5854eb7b8b09 - - - - -] Removing base or swap file: /var/lib/nova/instances/_base/a489c868f0c37da93b76227c91bb03908ac0e742 nova-api.log.1.2017-05-16_13:53:08
2017-05-16 00:02:34.773 25746 INFO nova.osapi_compute.wsgi.server [req-d38f479d-9bb9-4276-9688-52607e8fd350 113d3a99c3da401fbd62cc2caa5b96d2 54fadb412c4e40cdbaed9335e4c35a9e - - -] 10.11.10.1 "POST /v2/54fadb412c4e40cdbaed9335e4c35a9e/servers HTTP/1.1" status: 202 len: 733 time: 0.5169401 nova-api.log.1.2017-05-16_13:53:08
2017-05-16 00:02:34.974 25746 INFO nova.osapi_compute.wsgi.server [req-878d8f43-04d4-4bce-a27a-3feca48ba5eb 113d3a99c3da401fbd62cc2caa5b96d2 54fadb412c4e40cdbaed9335e4c35a9e - - -] 10.11.10.1 "GET /v2/54fadb412c4e40cdbaed9335e4c35a9e/servers/detail HTTP/1.1" status: 200 len: 1583 time: 0.1964839 nova-compute.log.1.2017-05-16_13:55:31
